| Server IP : 178.63.100.251 / Your IP : 216.73.216.228 Web Server : LiteSpeed System : Linux dobby.thevpsserver.com 4.18.0-553.16.1.lve.el8.x86_64 #1 SMP Tue Aug 13 17:45:03 UTC 2024 x86_64 User : truewayi ( 1855) PHP Version : 7.4.33 Disable Function : show_source,system,shell_exec,passthru,exec,popen,proc_open MySQL : OFF | cURL : ON | WGET : ON | Perl : ON | Python : ON | Sudo : OFF | Pkexec : OFF Directory : /home/truewayi/access-logs/ |
Upload File : |
34.73.244.84 - - [05/Sep/2026:13:22:20 +0000] "GET / HTTP/2" 404 19596 "-" "Mozilla/5.0 (Windows NT 10.0; Win64; x64) AppleWebKit/537.36 (KHTML, like Gecko) Chrome/149.0.0.0 Safari/537.36"
34.73.244.84 - - [05/Sep/2026:13:22:27 +0000] "GET /img../.env HTTP/2" 301 250 "-" "Mozilla/5.0 (Windows NT 10.0; Win64; x64) AppleWebKit/537.36 (KHTML, like Gecko) Chrome/149.0.0.0 Safari/537.36"
34.73.244.84 - - [05/Sep/2026:13:22:27 +0000] "GET /wp-json HTTP/2" 200 13900 "-" "Mozilla/5.0 (Windows NT 10.0; Win64; x64) AppleWebKit/537.36 (KHTML, like Gecko) Chrome/149.0.0.0 Safari/537.36"
34.73.244.84 - - [05/Sep/2026:13:22:27 +0000] "GET /z9x8c7v6b5-debug-trigger-yonetim.truewayist.com HTTP/2" 301 250 "-" "Mozilla/5.0 (Windows NT 10.0; Win64; x64) AppleWebKit/537.36 (KHTML, like Gecko) Chrome/149.0.0.0 Safari/537.36"
34.73.244.84 - - [05/Sep/2026:13:22:27 +0000] "GET /uploads../.env HTTP/2" 301 250 "-" "Mozilla/5.0 (Windows NT 10.0; Win64; x64) AppleWebKit/537.36 (KHTML, like Gecko) Chrome/149.0.0.0 Safari/537.36"
34.73.244.84 - - [05/Sep/2026:13:22:27 +0000] "GET /@fs/root/.aws/credentials?raw?? HTTP/2" 301 250 "-" "Mozilla/5.0 (Windows NT 10.0; Win64; x64) AppleWebKit/537.36 (KHTML, like Gecko) Chrome/149.0.0.0 Safari/537.36"
34.73.244.84 - - [05/Sep/2026:13:22:27 +0000] "GET /rclone.conf HTTP/2" 301 250 "-" "Mozilla/5.0 (Windows NT 10.0; Win64; x64) AppleWebKit/537.36 (KHTML, like Gecko) Chrome/149.0.0.0 Safari/537.36"
34.73.244.84 - - [05/Sep/2026:13:22:34 +0000] "GET /@fs/home/ubuntu/.aws/credentials?raw?? HTTP/2" 200 0 "-" "Mozilla/5.0 (Windows NT 10.0; Win64; x64) AppleWebKit/537.36 (KHTML, like Gecko) Chrome/149.0.0.0 Safari/537.36"
34.73.244.84 - - [05/Sep/2026:13:22:34 +0000] "GET /@fs/home/ec2-user/.aws/credentials?raw?? HTTP/2" 200 0 "-" "Mozilla/5.0 (Windows NT 10.0; Win64; x64) AppleWebKit/537.36 (KHTML, like Gecko) Chrome/149.0.0.0 Safari/537.36"
34.73.244.84 - - [05/Sep/2026:13:22:35 +0000] "GET /@fs/var/task/.env?raw?? HTTP/2" 200 0 "-" "Mozilla/5.0 (Windows NT 10.0; Win64; x64) AppleWebKit/537.36 (KHTML, like Gecko) Chrome/149.0.0.0 Safari/537.36"
34.73.244.84 - - [05/Sep/2026:13:22:35 +0000] "GET /@fs/proc/self/cwd/.env?raw?? HTTP/2" 200 0 "-" "Mozilla/5.0 (Windows NT 10.0; Win64; x64) AppleWebKit/537.36 (KHTML, like Gecko) Chrome/149.0.0.0 Safari/537.36"
34.73.244.84 - - [05/Sep/2026:13:22:35 +0000] "GET /admin%2F.env HTTP/2" 200 0 "-" "Mozilla/5.0 (Windows NT 10.0; Win64; x64) AppleWebKit/537.36 (KHTML, like Gecko) Chrome/149.0.0.0 Safari/537.36"
34.73.244.84 - - [05/Sep/2026:13:22:36 +0000] "GET /dashboard%2F.env HTTP/2" 200 0 "-" "Mozilla/5.0 (Windows NT 10.0; Win64; x64) AppleWebKit/537.36 (KHTML, like Gecko) Chrome/149.0.0.0 Safari/537.36"
34.73.244.84 - - [05/Sep/2026:13:22:39 +0000] "GET /wp-config.php.bak HTTP/2" 200 0 "-" "Mozilla/5.0 (Windows NT 10.0; Win64; x64) AppleWebKit/537.36 (KHTML, like Gecko) Chrome/149.0.0.0 Safari/537.36"
34.73.244.84 - - [05/Sep/2026:13:22:39 +0000] "GET /configuration.php.bak HTTP/2" 200 0 "-" "Mozilla/5.0 (Windows NT 10.0; Win64; x64) AppleWebKit/537.36 (KHTML, like Gecko) Chrome/149.0.0.0 Safari/537.36"
34.73.244.84 - - [05/Sep/2026:13:22:39 +0000] "GET /.env.dev HTTP/2" 200 0 "-" "Mozilla/5.0 (Windows NT 10.0; Win64; x64) AppleWebKit/537.36 (KHTML, like Gecko) Chrome/149.0.0.0 Safari/537.36"
34.73.244.84 - - [05/Sep/2026:13:22:39 +0000] "GET /.env.swp HTTP/2" 200 0 "-" "Mozilla/5.0 (Windows NT 10.0; Win64; x64) AppleWebKit/537.36 (KHTML, like Gecko) Chrome/149.0.0.0 Safari/537.36"
34.73.244.84 - - [05/Sep/2026:13:22:39 +0000] "GET /public/.env HTTP/2" 200 0 "-" "Mozilla/5.0 (Windows NT 10.0; Win64; x64) AppleWebKit/537.36 (KHTML, like Gecko) Chrome/149.0.0.0 Safari/537.36"
34.73.244.84 - - [05/Sep/2026:13:22:39 +0000] "GET /web/.env HTTP/2" 200 0 "-" "Mozilla/5.0 (Windows NT 10.0; Win64; x64) AppleWebKit/537.36 (KHTML, like Gecko) Chrome/149.0.0.0 Safari/537.36"
34.73.244.84 - - [05/Sep/2026:13:22:39 +0000] "GET /storage/.env HTTP/2" 200 0 "-" "Mozilla/5.0 (Windows NT 10.0; Win64; x64) AppleWebKit/537.36 (KHTML, like Gecko) Chrome/149.0.0.0 Safari/537.36"
34.73.244.84 - - [05/Sep/2026:13:22:34 +0000] "POST /graphql HTTP/2" 404 19598 "https://yonetim.truewayist.com" "Mozilla/5.0 (Windows NT 10.0; Win64; x64) AppleWebKit/537.36 (KHTML, like Gecko) Chrome/149.0.0.0 Safari/537.36"
34.73.244.84 - - [05/Sep/2026:13:22:42 +0000] "POST /api/graphql HTTP/2" 404 19598 "https://yonetim.truewayist.com" "Mozilla/5.0 (Windows NT 10.0; Win64; x64) AppleWebKit/537.36 (KHTML, like Gecko) Chrome/149.0.0.0 Safari/537.36"
34.73.244.84 - - [05/Sep/2026:13:22:46 +0000] "POST /v1/graphql HTTP/2" 404 19598 "https://yonetim.truewayist.com" "Mozilla/5.0 (Windows NT 10.0; Win64; x64) AppleWebKit/537.36 (KHTML, like Gecko) Chrome/149.0.0.0 Safari/537.36"
106.75.175.42 - - [05/Sep/2026:13:32:24 +0000] "GET / HTTP/2" 404 69580 "-" "Mozilla/5.0 (Windows NT 6.1) AppleWebKit/537.36 (KHTML, like Gecko) Chrome/49.0.2623.112 Safari/537.36"
178.63.100.251 - - [05/Sep/2026:13:22:30 +0000] "POST /wp-cron.php?doing_wp_cron=1788614549.5541439056396484375000 HTTP/1.1" 200 0 "-" "WordPress/7.1; https://www.yonetim.truewayist.com"
106.75.175.42 - - [05/Sep/2026:13:32:37 +0000] "GET /favicon.ico HTTP/2" 404 796 "https://yonetim.truewayist.com" "Mozilla/5.0 (Windows NT 6.1) AppleWebKit/537.36 (KHTML, like Gecko) Chrome/49.0.2623.112 Safari/537.36"
178.63.100.251 - - [05/Sep/2026:15:17:15 +0000] "POST /wp-cron.php?doing_wp_cron=1788621435.3386940956115722656250 HTTP/1.1" 200 0 "-" "WordPress/7.1; https://www.yonetim.truewayist.com"
216.73.216.228 - - [05/Sep/2026:15:17:16 +0000] "GET /robots.txt HTTP/2" 200 285 "https://yonetim.truewayist.com/robots.txt" "Mozilla/5.0 AppleWebKit/537.36 (KHTML, like Gecko; compatible; ClaudeBot/1.0; +claudebot@anthropic.com)"
216.73.216.228 - - [05/Sep/2026:15:17:09 +0000] "GET /robots.txt HTTP/2" 301 250 "-" "Mozilla/5.0 AppleWebKit/537.36 (KHTML, like Gecko; compatible; ClaudeBot/1.0; +claudebot@anthropic.com)"
216.73.216.228 - - [05/Sep/2026:16:01:32 +0000] "GET /sitemap.xml HTTP/2" 200 0 "https://yonetim.truewayist.com/sitemap.xml" "Mozilla/5.0 AppleWebKit/537.36 (KHTML, like Gecko; compatible; ClaudeBot/1.0; +claudebot@anthropic.com)"
178.63.100.251 - - [05/Sep/2026:16:01:31 +0000] "POST /wp-cron.php?doing_wp_cron=1788624091.2471110820770263671875 HTTP/1.1" 200 0 "-" "WordPress/7.1; https://www.yonetim.truewayist.com"
216.73.216.228 - - [05/Sep/2026:16:01:25 +0000] "GET /sitemap.xml HTTP/2" 301 250 "-" "Mozilla/5.0 AppleWebKit/537.36 (KHTML, like Gecko; compatible; ClaudeBot/1.0; +claudebot@anthropic.com)"
85.137.57.233 - - [05/Sep/2026:17:23:17 +0000] "GET / HTTP/2" 404 20870 "-" "Mozilla/5.0 (Macintosh; Intel Mac OS X 10_15_7) AppleWebKit/537.36 (KHTML, like Gecko) Chrome/124.0.0.0 Safari/537.36"
178.63.100.251 - - [05/Sep/2026:17:23:28 +0000] "POST /wp-cron.php?doing_wp_cron=1788629007.6578249931335449218750 HTTP/1.1" 200 0 "-" "WordPress/7.1; https://www.yonetim.truewayist.com"
216.73.216.228 - - [05/Sep/2026:17:38:48 +0000] "GET /robots.txt HTTP/2" 301 250 "-" "Mozilla/5.0 AppleWebKit/537.36 (KHTML, like Gecko; compatible; ClaudeBot/1.0; +claudebot@anthropic.com)"
216.73.216.228 - - [05/Sep/2026:17:40:16 +0000] "GET /sitemap.xml HTTP/2" 200 0 "https://yonetim.truewayist.com/sitemap.xml" "Mozilla/5.0 AppleWebKit/537.36 (KHTML, like Gecko; compatible; ClaudeBot/1.0; +claudebot@anthropic.com)"
178.63.100.251 - - [05/Sep/2026:17:38:55 +0000] "POST /wp-cron.php?doing_wp_cron=1788629935.2613959312438964843750 HTTP/1.1" 200 0 "-" "WordPress/7.1; https://www.yonetim.truewayist.com"
216.73.216.228 - - [05/Sep/2026:17:38:57 +0000] "GET /robots.txt HTTP/2" 200 285 "https://yonetim.truewayist.com/robots.txt" "Mozilla/5.0 AppleWebKit/537.36 (KHTML, like Gecko; compatible; ClaudeBot/1.0; +claudebot@anthropic.com)"
216.73.216.228 - - [05/Sep/2026:17:40:10 +0000] "GET /sitemap.xml HTTP/2" 301 250 "-" "Mozilla/5.0 AppleWebKit/537.36 (KHTML, like Gecko; compatible; ClaudeBot/1.0; +claudebot@anthropic.com)"
178.63.100.251 - - [05/Sep/2026:17:40:16 +0000] "POST /wp-cron.php?doing_wp_cron=1788630015.5914750099182128906250 HTTP/1.1" 200 0 "-" "WordPress/7.1; https://www.yonetim.truewayist.com"
87.58.197.138 - - [05/Sep/2026:18:47:10 +0000] "GET / HTTP/2" 404 20870 "-" "Mozilla/5.0 (Macintosh; Intel Mac OS X 10_15_7) AppleWebKit/537.36 (KHTML, like Gecko) Chrome/124.0.0.0 Safari/537.36"
178.63.100.251 - - [05/Sep/2026:18:47:20 +0000] "POST /wp-cron.php?doing_wp_cron=1788634040.0412070751190185546875 HTTP/1.1" 200 0 "-" "WordPress/7.1; https://www.yonetim.truewayist.com"
87.58.197.138 - - [05/Sep/2026:19:22:36 +0000] "GET / HTTP/2" 404 20885 "-" "Mozilla/5.0 (Macintosh; Intel Mac OS X 10_15_7) AppleWebKit/537.36 (KHTML, like Gecko) Chrome/124.0.0.0 Safari/537.36"
216.73.216.228 - - [05/Sep/2026:19:28:29 +0000] "GET /robots.txt HTTP/2" 200 285 "https://yonetim.truewayist.com/robots.txt" "Mozilla/5.0 AppleWebKit/537.36 (KHTML, like Gecko; compatible; ClaudeBot/1.0; +claudebot@anthropic.com)"
216.73.216.228 - - [05/Sep/2026:19:28:38 +0000] "GET /sitemap.xml HTTP/2" 404 19573 "https://yonetim.truewayist.com/sitemap.xml" "Mozilla/5.0 AppleWebKit/537.36 (KHTML, like Gecko; compatible; ClaudeBot/1.0; +claudebot@anthropic.com)"
178.63.100.251 - - [05/Sep/2026:19:28:28 +0000] "POST /wp-cron.php?doing_wp_cron=1788636508.2445569038391113281250 HTTP/1.1" 200 0 "-" "WordPress/7.1; https://www.yonetim.truewayist.com"
216.73.216.228 - - [05/Sep/2026:19:28:34 +0000] "GET /sitemap.xml HTTP/2" 301 250 "-" "Mozilla/5.0 AppleWebKit/537.36 (KHTML, like Gecko; compatible; ClaudeBot/1.0; +claudebot@anthropic.com)"
216.73.216.228 - - [05/Sep/2026:19:28:22 +0000] "GET /robots.txt HTTP/2" 301 250 "-" "Mozilla/5.0 AppleWebKit/537.36 (KHTML, like Gecko; compatible; ClaudeBot/1.0; +claudebot@anthropic.com)"
178.63.100.251 - - [05/Sep/2026:20:55:35 +0000] "POST /wp-cron.php?doing_wp_cron=1788641735.1866359710693359375000 HTTP/1.1" 200 0 "-" "WordPress/7.1; https://www.yonetim.truewayist.com"
216.73.216.228 - - [05/Sep/2026:20:55:25 +0000] "GET /robots.txt HTTP/2" 301 250 "-" "Mozilla/5.0 AppleWebKit/537.36 (KHTML, like Gecko; compatible; ClaudeBot/1.0; +claudebot@anthropic.com)"
178.63.100.251 - - [05/Sep/2026:20:55:38 +0000] "POST /wp-cron.php?doing_wp_cron=1788641738.1905488967895507812500 HTTP/1.1" 200 0 "-" "WordPress/7.1; https://www.yonetim.truewayist.com"
216.73.216.228 - - [05/Sep/2026:20:55:34 +0000] "GET /robots.txt HTTP/2" 200 285 "https://yonetim.truewayist.com/robots.txt" "Mozilla/5.0 AppleWebKit/537.36 (KHTML, like Gecko; compatible; ClaudeBot/1.0; +claudebot@anthropic.com)"
178.63.100.251 - - [05/Sep/2026:21:22:10 +0000] "POST /wp-admin/admin-ajax.php?action=wordfence_testAjax HTTP/1.1" 200 318 "-" "WordPress/7.1; https://www.yonetim.truewayist.com"
216.73.216.228 - - [05/Sep/2026:21:22:03 +0000] "GET /sitemap.xml HTTP/2" 200 0 "https://yonetim.truewayist.com/sitemap.xml" "Mozilla/5.0 AppleWebKit/537.36 (KHTML, like Gecko; compatible; ClaudeBot/1.0; +claudebot@anthropic.com)"
216.73.216.228 - - [05/Sep/2026:21:21:57 +0000] "GET /sitemap.xml HTTP/2" 301 250 "-" "Mozilla/5.0 AppleWebKit/537.36 (KHTML, like Gecko; compatible; ClaudeBot/1.0; +claudebot@anthropic.com)"
178.63.100.251 - - [05/Sep/2026:21:22:14 +0000] "GET /wp-admin/admin-ajax.php?action=wordfence_doScan&isFork=0&scanMode=quick&cronKey=e29df760dc001978cca7adcad40c4929&signature=2a042f2c12bbece3bb162af4dc3981874c03c62df505bb1ec6173989a9f89c3a HTTP/1.1" 200 304 "-" "WordPress/7.1; https://www.yonetim.truewayist.com"
178.63.100.251 - - [05/Sep/2026:21:22:03 +0000] "POST /wp-cron.php?doing_wp_cron=1788643322.9067349433898925781250 HTTP/1.1" 200 0 "-" "WordPress/7.1; https://www.yonetim.truewayist.com"
195.178.110.22 - - [05/Sep/2026:21:41:24 +0000] "GET /backup.zip HTTP/1.1" 404 65536 "-" "-"
178.63.100.251 - - [05/Sep/2026:21:41:30 +0000] "POST /wp-cron.php?doing_wp_cron=1788644489.8258690834045410156250 HTTP/1.1" 200 0 "-" "WordPress/7.1; https://www.yonetim.truewayist.com"
216.73.216.228 - - [05/Sep/2026:22:27:14 +0000] "GET /robots.txt HTTP/2" 301 250 "-" "Mozilla/5.0 AppleWebKit/537.36 (KHTML, like Gecko; compatible; ClaudeBot/1.0; +claudebot@anthropic.com)"
216.73.216.228 - - [05/Sep/2026:22:28:11 +0000] "GET /sitemap.xml HTTP/2" 404 19574 "https://yonetim.truewayist.com/sitemap.xml" "Mozilla/5.0 AppleWebKit/537.36 (KHTML, like Gecko; compatible; ClaudeBot/1.0; +claudebot@anthropic.com)"
216.73.216.228 - - [05/Sep/2026:22:27:21 +0000] "GET /robots.txt HTTP/2" 200 285 "https://yonetim.truewayist.com/robots.txt" "Mozilla/5.0 AppleWebKit/537.36 (KHTML, like Gecko; compatible; ClaudeBot/1.0; +claudebot@anthropic.com)"
216.73.216.228 - - [05/Sep/2026:22:28:07 +0000] "GET /sitemap.xml HTTP/2" 301 250 "-" "Mozilla/5.0 AppleWebKit/537.36 (KHTML, like Gecko; compatible; ClaudeBot/1.0; +claudebot@anthropic.com)"
178.63.100.251 - - [05/Sep/2026:22:27:24 +0000] "POST /wp-cron.php?doing_wp_cron=1788647243.9636330604553222656250 HTTP/1.1" 200 0 "-" "WordPress/7.1; https://www.yonetim.truewayist.com"
178.63.100.251 - - [05/Sep/2026:22:27:24 +0000] "POST /wp-cron.php?doing_wp_cron=1788647244.3383440971374511718750 HTTP/1.1" 200 0 "-" "WordPress/7.1; https://www.yonetim.truewayist.com"