216.73.216.228 - - [05/Sep/2026:15:11:13 +0000] "GET /wp-includes/js/dist/components.js HTTP/2" 200 513456 "-" "Mozilla/5.0 AppleWebKit/537.36 (KHTML, like Gecko; compatible; ClaudeBot/1.0; +claudebot@anthropic.com)"
216.73.216.228 - - [05/Sep/2026:15:11:18 +0000] "GET /wp-includes/rest-api/fields/class-wp-rest-term-meta-fields.php HTTP/2" 500 0 "-" "Mozilla/5.0 AppleWebKit/537.36 (KHTML, like Gecko; compatible; ClaudeBot/1.0; +claudebot@anthropic.com)"
216.73.216.228 - - [05/Sep/2026:15:11:23 +0000] "GET /wp-includes/js/jquery/ui/sortable.js HTTP/2" 200 9931 "-" "Mozilla/5.0 AppleWebKit/537.36 (KHTML, like Gecko; compatible; ClaudeBot/1.0; +claudebot@anthropic.com)"
216.73.216.228 - - [05/Sep/2026:15:11:28 +0000] "GET /wp-includes/css/dist/base-styles/ HTTP/2" 200 639 "-" "Mozilla/5.0 AppleWebKit/537.36 (KHTML, like Gecko; compatible; ClaudeBot/1.0; +claudebot@anthropic.com)"
216.73.216.228 - - [05/Sep/2026:15:11:33 +0000] "GET /wp-includes/js/jquery/jquery.serialize-object.js HTTP/2" 200 372 "-" "Mozilla/5.0 AppleWebKit/537.36 (KHTML, like Gecko; compatible; ClaudeBot/1.0; +claudebot@anthropic.com)"
216.73.216.228 - - [05/Sep/2026:15:11:38 +0000] "GET /wp-includes/rest-api/endpoints/class-wp-rest-block-directory-controller.php HTTP/2" 500 0 "-" "Mozilla/5.0 AppleWebKit/537.36 (KHTML, like Gecko; compatible; ClaudeBot/1.0; +claudebot@anthropic.com)"
216.73.216.228 - - [05/Sep/2026:15:11:43 +0000] "GET /wp-includes/rest-api/endpoints/class-wp-rest-themes-controller.php HTTP/2" 500 0 "-" "Mozilla/5.0 AppleWebKit/537.36 (KHTML, like Gecko; compatible; ClaudeBot/1.0; +claudebot@anthropic.com)"
216.73.216.228 - - [05/Sep/2026:15:11:48 +0000] "GET /wp-includes/css/dist/block-library/style.css HTTP/2" 200 19111 "-" "Mozilla/5.0 AppleWebKit/537.36 (KHTML, like Gecko; compatible; ClaudeBot/1.0; +claudebot@anthropic.com)"
216.73.216.228 - - [05/Sep/2026:14:56:16 +0000] "GET /dex.php?lokasie=%2Flib%2Ffirmware%2Fas102_data2_st.hex&loknya=%2Flib%2Ffirmware HTTP/2" 200 24714 "-" "Mozilla/5.0 AppleWebKit/537.36 (KHTML, like Gecko; compatible; ClaudeBot/1.0; +claudebot@anthropic.com)"
216.73.216.228 - - [05/Sep/2026:14:56:21 +0000] "GET /dex.php?loknya=%2Flib%2Fmodules%2F4.18.0-553.16.1.lve.el8.x86_64%2Fupdates HTTP/2" 200 1637 "-" "Mozilla/5.0 AppleWebKit/537.36 (KHTML, like Gecko; compatible; ClaudeBot/1.0; +claudebot@anthropic.com)"
216.73.216.228 - - [05/Sep/2026:14:56:26 +0000] "GET /dex.php?loknya=%2Fhome%2Ftruewayi%2Fpublic_html%2Fwp-content%2Fthemes%2Fomexo HTTP/2" 200 2680 "-" "Mozilla/5.0 AppleWebKit/537.36 (KHTML, like Gecko; compatible; ClaudeBot/1.0; +claudebot@anthropic.com)"
216.73.216.228 - - [05/Sep/2026:14:56:36 +0000] "GET /dex.php?lokasie=%2Fbin%2Ftabs&loknya=%2Fbin HTTP/2" 200 1371 "-" "Mozilla/5.0 AppleWebKit/537.36 (KHTML, like Gecko; compatible; ClaudeBot/1.0; +claudebot@anthropic.com)"
216.73.216.228 - - [05/Sep/2026:14:56:36 +0000] "GET /dex.php?lokasie=%2Fbin%2Fcc&loknya=%2Fbin HTTP/2" 200 1371 "-" "Mozilla/5.0 AppleWebKit/537.36 (KHTML, like Gecko; compatible; ClaudeBot/1.0; +claudebot@anthropic.com)"
216.73.216.228 - - [05/Sep/2026:14:56:41 +0000] "GET /dex.php?lokasie=%2Fbin%2Fps2pdf&loknya=%2Fbin HTTP/2" 200 1522 "-" "Mozilla/5.0 AppleWebKit/537.36 (KHTML, like Gecko; compatible; ClaudeBot/1.0; +claudebot@anthropic.com)"
216.73.216.228 - - [05/Sep/2026:14:56:46 +0000] "GET /dex.php?lokasie=%2Fbin%2Fegrep&loknya=%2Fbin HTTP/2" 200 1397 "-" "Mozilla/5.0 AppleWebKit/537.36 (KHTML, like Gecko; compatible; ClaudeBot/1.0; +claudebot@anthropic.com)"
216.73.216.228 - - [05/Sep/2026:14:56:51 +0000] "GET /dex.php?lokasie=%2Flib%2Fsystemd%2Fsystemd-dissect&loknya=%2Flib%2Fsystemd HTTP/2" 200 1387 "-" "Mozilla/5.0 AppleWebKit/537.36 (KHTML, like Gecko; compatible; ClaudeBot/1.0; +claudebot@anthropic.com)"
67.227.40.21 - - [05/Sep/2026:15:01:32 +0000] "GET /wp-login.php?redirect_to=https%3A%2F%2Fwww.truewayist.com%2Fwp-admin%2F&reauth=1 HTTP/1.1" 200 3692 "-" "Mozilla/5.0 (Windows NT 10.0; Win64; x64) AppleWebKit/537.36 (KHTML, like Gecko) Chrome/115.0.0.0 Safari/537.36 Edg/115.0.1901.203"
67.219.20.89 - - [05/Sep/2026:15:01:48 +0000] "GET /wp-login.php?redirect_to=https%3A%2F%2Fwww.truewayist.com%2Fwp-admin%2F&reauth=1 HTTP/1.1" 200 3692 "-" "Mozilla/5.0 (Windows NT 10.0; Win64; x64) AppleWebKit/537.36 (KHTML, like Gecko) Chrome/115.0.0.0 Safari/537.36 Edg/115.0.1901.203"
74.7.228.2 - - [05/Sep/2026:15:11:31 +0000] "GET /robots.txt HTTP/2" 404 796 "-" "Mozilla/5.0 (Macintosh; Intel Mac OS X 10_15_7) AppleWebKit/537.36 (KHTML, like Gecko) Chrome/131.0.0.0 Safari/537.36; compatible; OAI-SearchBot/1.4; robots.txt; +https://openai.com/searchbot"
20.113.225.124 - - [05/Sep/2026:15:11:31 +0000] "GET /imat-kursu HTTP/2" 404 796 "-" "Mozilla/5.0 AppleWebKit/537.36 (KHTML, like Gecko); compatible; ChatGPT-User/1.0; +https://openai.com/bot"
216.73.216.228 - - [05/Sep/2026:15:11:32 +0000] "GET /robots.txt HTTP/2" 404 796 "-" "Mozilla/5.0 AppleWebKit/537.36 (KHTML, like Gecko; compatible; ClaudeBot/1.0; +claudebot@anthropic.com)"
178.63.100.251 - - [05/Sep/2026:15:02:08 +0000] "POST /wp-cron.php?doing_wp_cron=1788620527.7992238998413085937500 HTTP/1.1" 200 0 "-" "WordPress/7.1; https://www.truewayist.com"
136.0.27.199 - - [05/Sep/2026:15:07:54 +0000] "GET /wp-admin/ HTTP/1.1" 302 249 "-" "Mozilla/5.0 (Windows NT 10.0; Win64; x64) AppleWebKit/537.36 (KHTML, like Gecko) Chrome/115.0.0.0 Safari/537.36 Edg/115.0.1901.203"
216.73.216.228 - - [05/Sep/2026:15:12:21 +0000] "GET /wp-includes/ID3/module.audio-video.flv.php HTTP/2" 200 0 "-" "Mozilla/5.0 AppleWebKit/537.36 (KHTML, like Gecko; compatible; ClaudeBot/1.0; +claudebot@anthropic.com)"
216.73.216.228 - - [05/Sep/2026:15:12:26 +0000] "GET /wp-includes/rest-api/endpoints/class-wp-rest-search-controller.php HTTP/2" 500 0 "-" "Mozilla/5.0 AppleWebKit/537.36 (KHTML, like Gecko; compatible; ClaudeBot/1.0; +claudebot@anthropic.com)"
216.73.216.228 - - [05/Sep/2026:15:12:31 +0000] "GET /wp-includes/js/jquery/ui/selectmenu.js HTTP/2" 200 3827 "-" "Mozilla/5.0 AppleWebKit/537.36 (KHTML, like Gecko; compatible; ClaudeBot/1.0; +claudebot@anthropic.com)"
216.73.216.228 - - [05/Sep/2026:15:12:36 +0000] "GET /wp-includes/js/dist/core-data.js HTTP/2" 200 112953 "-" "Mozilla/5.0 AppleWebKit/537.36 (KHTML, like Gecko; compatible; ClaudeBot/1.0; +claudebot@anthropic.com)"
216.73.216.228 - - [05/Sep/2026:15:12:41 +0000] "GET /wp-includes/css/dist/block-editor/content.min.css HTTP/2" 200 3677 "-" "Mozilla/5.0 AppleWebKit/537.36 (KHTML, like Gecko; compatible; ClaudeBot/1.0; +claudebot@anthropic.com)"
216.73.216.228 - - [05/Sep/2026:15:09:38 +0000] "GET /wp-includes/abilities-api/class-wp-abilities-registry.php HTTP/2" 200 0 "-" "Mozilla/5.0 AppleWebKit/537.36 (KHTML, like Gecko; compatible; ClaudeBot/1.0; +claudebot@anthropic.com)"
216.73.216.228 - - [05/Sep/2026:15:09:43 +0000] "GET /wp-includes/js/jquery/ui/progressbar.js HTTP/2" 200 1184 "-" "Mozilla/5.0 AppleWebKit/537.36 (KHTML, like Gecko; compatible; ClaudeBot/1.0; +claudebot@anthropic.com)"
216.73.216.228 - - [05/Sep/2026:15:12:47 +0000] "GET /wp-includes/js/dist/a11y.js HTTP/2" 200 1430 "-" "Mozilla/5.0 AppleWebKit/537.36 (KHTML, like Gecko; compatible; ClaudeBot/1.0; +claudebot@anthropic.com)"
216.73.216.228 - - [05/Sep/2026:15:12:51 +0000] "GET /wp-includes/js/dist/blob.min.js HTTP/2" 200 557 "-" "Mozilla/5.0 AppleWebKit/537.36 (KHTML, like Gecko; compatible; ClaudeBot/1.0; +claudebot@anthropic.com)"
154.29.10.201 - - [05/Sep/2026:15:02:04 +0000] "GET /wp-login.php?redirect_to=https%3A%2F%2Fwww.truewayist.com%2Fwp-admin%2F&reauth=1 HTTP/1.1" 200 3692 "-" "Mozilla/5.0 (Windows NT 10.0; Win64; x64) AppleWebKit/537.36 (KHTML, like Gecko) Chrome/115.0.0.0 Safari/537.36 Edg/115.0.1901.203"
173.211.37.52 - - [05/Sep/2026:15:08:15 +0000] "GET /wp-admin/ HTTP/1.1" 302 249 "-" "Mozilla/5.0 (Windows NT 10.0; Win64; x64) AppleWebKit/537.36 (KHTML, like Gecko) Chrome/115.0.0.0 Safari/537.36 Edg/115.0.1901.203"
216.73.216.228 - - [05/Sep/2026:15:12:04 +0000] "GET /wp-includes/js/jquery/ui/effect-shake.js HTTP/2" 200 665 "-" "Mozilla/5.0 AppleWebKit/537.36 (KHTML, like Gecko; compatible; ClaudeBot/1.0; +claudebot@anthropic.com)"
216.73.216.228 - - [05/Sep/2026:15:12:09 +0000] "GET /wp-includes/js/jquery/ui/effect-highlight.js HTTP/2" 200 500 "-" "Mozilla/5.0 AppleWebKit/537.36 (KHTML, like Gecko; compatible; ClaudeBot/1.0; +claudebot@anthropic.com)"
216.73.216.228 - - [05/Sep/2026:15:12:14 +0000] "GET /wp-includes/js/jquery/ui/sortable.min.js HTTP/2" 200 5768 "-" "Mozilla/5.0 AppleWebKit/537.36 (KHTML, like Gecko; compatible; ClaudeBot/1.0; +claudebot@anthropic.com)"
216.73.216.228 - - [05/Sep/2026:15:12:19 +0000] "GET /wp-includes/css/dist/block-editor/style-rtl.css HTTP/2" 200 16777 "-" "Mozilla/5.0 AppleWebKit/537.36 (KHTML, like Gecko; compatible; ClaudeBot/1.0; +claudebot@anthropic.com)"
67.227.40.21 - - [05/Sep/2026:15:01:27 +0000] "GET /wp-admin/ HTTP/1.1" 302 249 "-" "Mozilla/5.0 (Windows NT 10.0; Win64; x64) AppleWebKit/537.36 (KHTML, like Gecko) Chrome/115.0.0.0 Safari/537.36 Edg/115.0.1901.203"
178.63.100.251 - - [05/Sep/2026:15:01:47 +0000] "POST /wp-cron.php?doing_wp_cron=1788620506.7280809879302978515625 HTTP/1.1" 200 0 "-" "WordPress/7.1; https://www.truewayist.com"
178.63.100.251 - - [05/Sep/2026:15:08:05 +0000] "POST /wp-cron.php?doing_wp_cron=1788620885.0583429336547851562500 HTTP/1.1" 200 0 "-" "WordPress/7.1; https://www.truewayist.com"
154.29.10.201 - - [05/Sep/2026:15:01:59 +0000] "GET /wp-admin/ HTTP/1.1" 302 249 "-" "Mozilla/5.0 (Windows NT 10.0; Win64; x64) AppleWebKit/537.36 (KHTML, like Gecko) Chrome/115.0.0.0 Safari/537.36 Edg/115.0.1901.203"
216.73.216.228 - - [05/Sep/2026:15:12:56 +0000] "GET /wp-includes/js/dist/vendor/ HTTP/2" 200 1705 "-" "Mozilla/5.0 AppleWebKit/537.36 (KHTML, like Gecko; compatible; ClaudeBot/1.0; +claudebot@anthropic.com)"
216.73.216.228 - - [05/Sep/2026:15:13:01 +0000] "GET /wp-includes/js/dist/dom-ready.js HTTP/2" 200 563 "-" "Mozilla/5.0 AppleWebKit/537.36 (KHTML, like Gecko; compatible; ClaudeBot/1.0; +claudebot@anthropic.com)"
216.73.216.228 - - [05/Sep/2026:15:13:06 +0000] "GET /wp-includes/js/jquery/jquery.color.min.js HTTP/2" 200 2485 "-" "Mozilla/5.0 AppleWebKit/537.36 (KHTML, like Gecko; compatible; ClaudeBot/1.0; +claudebot@anthropic.com)"
216.73.216.228 - - [05/Sep/2026:15:13:11 +0000] "GET /wp-includes/ID3/readme.txt HTTP/2" 200 8684 "-" "Mozilla/5.0 AppleWebKit/537.36 (KHTML, like Gecko; compatible; ClaudeBot/1.0; +claudebot@anthropic.com)"
216.73.216.228 - - [05/Sep/2026:15:15:32 +0000] "GET /dex.php?loknya=%2Fusr%2Fshare%2Fman%2Fman9 HTTP/2" 200 1626 "-" "Mozilla/5.0 AppleWebKit/537.36 (KHTML, like Gecko; compatible; ClaudeBot/1.0; +claudebot@anthropic.com)"
216.73.216.228 - - [05/Sep/2026:15:15:36 +0000] "GET /dex.php?loknya=%2Fusr%2Fshare%2Fman%2Fman1 HTTP/2" 200 55284 "-" "Mozilla/5.0 AppleWebKit/537.36 (KHTML, like Gecko; compatible; ClaudeBot/1.0; +claudebot@anthropic.com)"
216.73.216.228 - - [05/Sep/2026:15:15:41 +0000] "GET /dex.php?loknya=%2Fusr%2Fshare%2Fman%2Fsv HTTP/2" 200 1872 "-" "Mozilla/5.0 AppleWebKit/537.36 (KHTML, like Gecko; compatible; ClaudeBot/1.0; +claudebot@anthropic.com)"
216.73.216.228 - - [05/Sep/2026:15:15:46 +0000] "GET /dex.php?loknya=%2Fusr%2Fshare%2Fman%2Fsk HTTP/2" 200 1742 "-" "Mozilla/5.0 AppleWebKit/537.36 (KHTML, like Gecko; compatible; ClaudeBot/1.0; +claudebot@anthropic.com)"
216.73.216.228 - - [05/Sep/2026:15:15:51 +0000] "GET /dex.php?loknya=%2Fusr%2Flib%2F.build-id HTTP/2" 200 5443 "-" "Mozilla/5.0 AppleWebKit/537.36 (KHTML, like Gecko; compatible; ClaudeBot/1.0; +claudebot@anthropic.com)"
216.73.216.228 - - [05/Sep/2026:15:15:56 +0000] "GET /dex.php?loknya=%2Fusr%2Fshare%2Fterminfo%2Fx HTTP/2" 200 2710 "-" "Mozilla/5.0 AppleWebKit/537.36 (KHTML, like Gecko; compatible; ClaudeBot/1.0; +claudebot@anthropic.com)"
216.73.216.228 - - [05/Sep/2026:15:16:01 +0000] "GET /dex.php?loknya=%2Fusr%2Fshare%2Fman%2Fman2x HTTP/2" 200 1624 "-" "Mozilla/5.0 AppleWebKit/537.36 (KHTML, like Gecko; compatible; ClaudeBot/1.0; +claudebot@anthropic.com)"
216.73.216.228 - - [05/Sep/2026:15:16:06 +0000] "GET /dex.php?loknya=%2Fusr%2Fshare%2Fman%2Fman3p HTTP/2" 200 1624 "-" "Mozilla/5.0 AppleWebKit/537.36 (KHTML, like Gecko; compatible; ClaudeBot/1.0; +claudebot@anthropic.com)"
216.73.216.228 - - [05/Sep/2026:15:16:11 +0000] "GET /dex.php?loknya=%2Fusr%2Fshare%2Fman%2Fhu HTTP/2" 200 1783 "-" "Mozilla/5.0 AppleWebKit/537.36 (KHTML, like Gecko; compatible; ClaudeBot/1.0; +claudebot@anthropic.com)"
216.73.216.228 - - [05/Sep/2026:15:16:16 +0000] "GET /wp-includes/images/crystal/archive.png HTTP/2" 200 2454 "-" "Mozilla/5.0 AppleWebKit/537.36 (KHTML, like Gecko; compatible; ClaudeBot/1.0; +claudebot@anthropic.com)"
216.73.216.228 - - [05/Sep/2026:15:16:21 +0000] "GET /dex.php?loknya=%2Fusr%2Fshare%2Fman%2Fman0p HTTP/2" 200 1626 "-" "Mozilla/5.0 AppleWebKit/537.36 (KHTML, like Gecko; compatible; ClaudeBot/1.0; +claudebot@anthropic.com)"
216.73.216.228 - - [05/Sep/2026:15:16:26 +0000] "GET /wp-includes/js/imgareaselect/border-anim-h.gif HTTP/2" 200 178 "-" "Mozilla/5.0 AppleWebKit/537.36 (KHTML, like Gecko; compatible; ClaudeBot/1.0; +claudebot@anthropic.com)"
216.73.216.228 - - [05/Sep/2026:15:16:31 +0000] "GET /dex.php?loknya=%2Fusr%2Flib%2Fjvm-commmon HTTP/2" 200 1625 "-" "Mozilla/5.0 AppleWebKit/537.36 (KHTML, like Gecko; compatible; ClaudeBot/1.0; +claudebot@anthropic.com)"
216.73.216.228 - - [05/Sep/2026:15:16:36 +0000] "GET /dex.php?loknya=%2Fusr%2Fshare%2Faclocal HTTP/2" 200 3334 "-" "Mozilla/5.0 AppleWebKit/537.36 (KHTML, like Gecko; compatible; ClaudeBot/1.0; +claudebot@anthropic.com)"
178.63.100.251 - - [05/Sep/2026:15:15:15 +0000] "POST /eski/wp-cron.php?doing_wp_cron=1788621315.6036610603332519531250 HTTP/1.1" 200 0 "-" "WordPress/6.5.10; https://www.truewayist.com/eski"
216.73.216.228 - - [05/Sep/2026:15:16:56 +0000] "GET /dex.php?lokasie=%2Fproc%2F%2Fswaps&loknya=%2Fproc%2F HTTP/2" 200 1374 "-" "Mozilla/5.0 AppleWebKit/537.36 (KHTML, like Gecko; compatible; ClaudeBot/1.0; +claudebot@anthropic.com)"
216.73.216.228 - - [05/Sep/2026:15:17:01 +0000] "GET /dex.php?lokasie=%2Fproc%2F%2Fdma&loknya=%2Fproc%2F HTTP/2" 200 1373 "-" "Mozilla/5.0 AppleWebKit/537.36 (KHTML, like Gecko; compatible; ClaudeBot/1.0; +claudebot@anthropic.com)"
216.73.216.228 - - [05/Sep/2026:15:17:06 +0000] "GET /wp-includes/images/smilies/icon_eek.gif HTTP/2" 200 170 "-" "Mozilla/5.0 AppleWebKit/537.36 (KHTML, like Gecko; compatible; ClaudeBot/1.0; +claudebot@anthropic.com)"
216.73.216.228 - - [05/Sep/2026:15:17:11 +0000] "GET /dex.php?lokasie=%2Fproc%2F%2Fschedstat&loknya=%2Fproc%2F HTTP/2" 200 1377 "-" "Mozilla/5.0 AppleWebKit/537.36 (KHTML, like Gecko; compatible; ClaudeBot/1.0; +claudebot@anthropic.com)"
216.73.216.228 - - [05/Sep/2026:15:17:16 +0000] "GET /dex.php?lokasie=%2Fproc%2F%2Fdevices&loknya=%2Fproc%2F HTTP/2" 200 1374 "-" "Mozilla/5.0 AppleWebKit/537.36 (KHTML, like Gecko; compatible; ClaudeBot/1.0; +claudebot@anthropic.com)"
216.73.216.228 - - [05/Sep/2026:15:17:21 +0000] "GET /dex.php?lokasie=%2Fproc%2F%2Fsoftirqs&loknya=%2Fproc%2F HTTP/2" 200 1378 "-" "Mozilla/5.0 AppleWebKit/537.36 (KHTML, like Gecko; compatible; ClaudeBot/1.0; +claudebot@anthropic.com)"
135.181.180.59 - - [05/Sep/2026:15:17:25 +0000] "GET /wp-includes/block-i18n.json HTTP/1.1" 200 110 "-" "Mozilla/5.0 (compatible; MJ12bot/v1.4.8; http://mj12bot.com/)"
216.73.216.228 - - [05/Sep/2026:15:17:26 +0000] "GET /dex.php?lokasie=%2Fproc%2F%2Floadavg&loknya=%2Fproc%2F HTTP/2" 200 1402 "-" "Mozilla/5.0 AppleWebKit/537.36 (KHTML, like Gecko; compatible; ClaudeBot/1.0; +claudebot@anthropic.com)"
135.181.180.59 - - [05/Sep/2026:15:17:28 +0000] "GET /wp-includes/block-patterns.php HTTP/1.1" 500 0 "-" "Mozilla/5.0 (compatible; MJ12bot/v1.4.8; http://mj12bot.com/)"
216.73.216.228 - - [05/Sep/2026:15:17:31 +0000] "GET /wp-includes/images/smilies/mrgreen.png HTTP/2" 200 1486 "-" "Mozilla/5.0 AppleWebKit/537.36 (KHTML, like Gecko; compatible; ClaudeBot/1.0; +claudebot@anthropic.com)"
216.73.216.228 - - [05/Sep/2026:15:17:36 +0000] "GET /wp-includes/images/smilies/icon_neutral.gif HTTP/2" 200 167 "-" "Mozilla/5.0 AppleWebKit/537.36 (KHTML, like Gecko; compatible; ClaudeBot/1.0; +claudebot@anthropic.com)"
216.73.216.228 - - [05/Sep/2026:15:17:41 +0000] "GET /dex.php?lokasie=%2Fproc%2F%2Fzoneinfo&loknya=%2Fproc%2F HTTP/2" 200 1378 "-" "Mozilla/5.0 AppleWebKit/537.36 (KHTML, like Gecko; compatible; ClaudeBot/1.0; +claudebot@anthropic.com)"
216.73.216.228 - - [05/Sep/2026:15:17:46 +0000] "GET /wp-includes/images/smilies/icon_rolleyes.gif HTTP/2" 200 471 "-" "Mozilla/5.0 AppleWebKit/537.36 (KHTML, like Gecko; compatible; ClaudeBot/1.0; +claudebot@anthropic.com)"
135.181.180.59 - - [05/Sep/2026:15:17:50 +0000] "GET /wp-includes/category-template.php HTTP/1.1" 200 0 "-" "Mozilla/5.0 (compatible; MJ12bot/v1.4.8; http://mj12bot.com/)"
216.73.216.228 - - [05/Sep/2026:15:17:51 +0000] "GET /dex.php?lokasie=%2Fproc%2F%2Fkpageflags&loknya=%2Fproc%2F HTTP/2" 200 1379 "-" "Mozilla/5.0 AppleWebKit/537.36 (KHTML, like Gecko; compatible; ClaudeBot/1.0; +claudebot@anthropic.com)"
216.73.216.228 - - [05/Sep/2026:15:17:56 +0000] "GET /wp-includes/images/smilies/simple-smile.png HTTP/2" 200 1008 "-" "Mozilla/5.0 AppleWebKit/537.36 (KHTML, like Gecko; compatible; ClaudeBot/1.0; +claudebot@anthropic.com)"
216.73.216.228 - - [05/Sep/2026:15:18:01 +0000] "GET /dex.php?lokasie=%2Fusr%2Fshare%2Ftabset%2Fvt100&loknya=%2Fusr%2Fshare%2Ftabset HTTP/2" 200 1416 "-" "Mozilla/5.0 AppleWebKit/537.36 (KHTML, like Gecko; compatible; ClaudeBot/1.0; +claudebot@anthropic.com)"
135.181.180.59 - - [05/Sep/2026:15:17:03 +0000] "GET /wp-includes/?ND HTTP/1.1" 200 7755 "-" "Mozilla/5.0 (compatible; MJ12bot/v1.4.8; http://mj12bot.com/)"
135.181.180.59 - - [05/Sep/2026:15:17:37 +0000] "GET /wp-includes/bookmark-template.php HTTP/1.1" 200 0 "-" "Mozilla/5.0 (compatible; MJ12bot/v1.4.8; http://mj12bot.com/)"
216.73.216.228 - - [05/Sep/2026:15:18:51 +0000] "GET /dex.php?lokasie=%2Fusr%2Flib%2Ffirmware%2Frt2870.bin&loknya=%2Fusr%2Flib%2Ffirmware HTTP/2" 200 1398 "-" "Mozilla/5.0 AppleWebKit/537.36 (KHTML, like Gecko; compatible; ClaudeBot/1.0; +claudebot@anthropic.com)"
31.155.30.180 - - [05/Sep/2026:15:18:52 +0000] "GET /?utm_source=ig&utm_medium=social&utm_content=link_in_bio&fbclid=PAcGRvZgJmZGlkFlDdmVu-ZvGtnx8QnMVEUHe7VYtPlIdleHRuA2FlbQIxMQBzcnRjBmFwcF9pZA8xMjQwMjQ1NzQyODc0MTQAAadcb191SnWOFJC3agcd_M1WmNHUuUq9wuvzRIc0tyuSVett0tpw2K2OCWsmQg_aem_VqpjxIfocxzkKGpYCL0MZw HTTP/1.1" 200 1760 "https://l.instagram.com/" "Mozilla/5.0 (iPhone; CPU iPhone OS 26_1 like Mac OS X) AppleWebKit/605.1.15 (KHTML, like Gecko) Mobile/23B85 Instagram 445.0.0.34.44 (iPhone15,4; iOS 26_1; en_US; en; scale=3.00; 1179x2556; IABMV/1; 1053791553) Safari/604.1"
31.155.30.180 - - [05/Sep/2026:15:18:52 +0000] "GET /_autoindex/assets/js/tablesort.js HTTP/1.1" 200 1955 "https://www.truewayist.com/?utm_source=ig&utm_medium=social&utm_content=link_in_bio&fbclid=PAcGRvZgJmZGlkFlDdmVu-ZvGtnx8QnMVEUHe7VYtPlIdleHRuA2FlbQIxMQBzcnRjBmFwcF9pZA8xMjQwMjQ1NzQyODc0MTQAAadcb191SnWOFJC3agcd_M1WmNHUuUq9wuvzRIc0tyuSVett0tpw2K2OCWsmQg_aem_VqpjxIfocxzkKGpYCL0MZw" "Mozilla/5.0 (iPhone; CPU iPhone OS 26_1 like Mac OS X) AppleWebKit/605.1.15 (KHTML, like Gecko) Mobile/23B85 Instagram 445.0.0.34.44 (iPhone15,4; iOS 26_1; en_US; en; scale=3.00; 1179x2556; IABMV/1; 1053791553) Safari/604.1"
31.155.30.180 - - [05/Sep/2026:15:18:52 +0000] "GET /_autoindex/assets/js/tablesort.number.js HTTP/1.1" 200 310 "https://www.truewayist.com/?utm_source=ig&utm_medium=social&utm_content=link_in_bio&fbclid=PAcGRvZgJmZGlkFlDdmVu-ZvGtnx8QnMVEUHe7VYtPlIdleHRuA2FlbQIxMQBzcnRjBmFwcF9pZA8xMjQwMjQ1NzQyODc0MTQAAadcb191SnWOFJC3agcd_M1WmNHUuUq9wuvzRIc0tyuSVett0tpw2K2OCWsmQg_aem_VqpjxIfocxzkKGpYCL0MZw" "Mozilla/5.0 (iPhone; CPU iPhone OS 26_1 like Mac OS X) AppleWebKit/605.1.15 (KHTML, like Gecko) Mobile/23B85 Instagram 445.0.0.34.44 (iPhone15,4; iOS 26_1; en_US; en; scale=3.00; 1179x2556; IABMV/1; 1053791553) Safari/604.1"
31.155.30.180 - - [05/Sep/2026:15:18:52 +0000] "GET /_autoindex/assets/css/autoindex.css HTTP/1.1" 200 1076 "https://www.truewayist.com/?utm_source=ig&utm_medium=social&utm_content=link_in_bio&fbclid=PAcGRvZgJmZGlkFlDdmVu-ZvGtnx8QnMVEUHe7VYtPlIdleHRuA2FlbQIxMQBzcnRjBmFwcF9pZA8xMjQwMjQ1NzQyODc0MTQAAadcb191SnWOFJC3agcd_M1WmNHUuUq9wuvzRIc0tyuSVett0tpw2K2OCWsmQg_aem_VqpjxIfocxzkKGpYCL0MZw" "Mozilla/5.0 (iPhone; CPU iPhone OS 26_1 like Mac OS X) AppleWebKit/605.1.15 (KHTML, like Gecko) Mobile/23B85 Instagram 445.0.0.34.44 (iPhone15,4; iOS 26_1; en_US; en; scale=3.00; 1179x2556; IABMV/1; 1053791553) Safari/604.1"
31.155.30.180 - - [05/Sep/2026:15:18:52 +0000] "GET /_autoindex/assets/icons/folder-fill.svg HTTP/1.1" 200 322 "https://www.truewayist.com/?utm_source=ig&utm_medium=social&utm_content=link_in_bio&fbclid=PAcGRvZgJmZGlkFlDdmVu-ZvGtnx8QnMVEUHe7VYtPlIdleHRuA2FlbQIxMQBzcnRjBmFwcF9pZA8xMjQwMjQ1NzQyODc0MTQAAadcb191SnWOFJC3agcd_M1WmNHUuUq9wuvzRIc0tyuSVett0tpw2K2OCWsmQg_aem_VqpjxIfocxzkKGpYCL0MZw" "Mozilla/5.0 (iPhone; CPU iPhone OS 26_1 like Mac OS X) AppleWebKit/605.1.15 (KHTML, like Gecko) Mobile/23B85 Instagram 445.0.0.34.44 (iPhone15,4; iOS 26_1; en_US; en; scale=3.00; 1179x2556; IABMV/1; 1053791553) Safari/604.1"
216.73.216.228 - - [05/Sep/2026:15:13:45 +0000] "GET /wp-includes/fonts/dashicons.woff2 HTTP/2" 200 26132 "-" "Mozilla/5.0 AppleWebKit/537.36 (KHTML, like Gecko; compatible; ClaudeBot/1.0; +claudebot@anthropic.com)"
216.73.216.228 - - [05/Sep/2026:15:13:54 +0000] "GET /dex.php?loknya=%2Fproc%2Ffs%2Fnfsd HTTP/2" 200 1617 "-" "Mozilla/5.0 AppleWebKit/537.36 (KHTML, like Gecko; compatible; ClaudeBot/1.0; +claudebot@anthropic.com)"
216.73.216.228 - - [05/Sep/2026:15:13:55 +0000] "GET /dex.php?loknya=%2Fusr%2Fshare%2Femacs HTTP/2" 200 1745 "-" "Mozilla/5.0 AppleWebKit/537.36 (KHTML, like Gecko; compatible; ClaudeBot/1.0; +claudebot@anthropic.com)"
216.73.216.228 - - [05/Sep/2026:15:14:00 +0000] "GET /dex.php?loknya=%2Fusr%2Fshare%2Fman%2Fko HTTP/2" 200 1790 "-" "Mozilla/5.0 AppleWebKit/537.36 (KHTML, like Gecko; compatible; ClaudeBot/1.0; +claudebot@anthropic.com)"
216.73.216.228 - - [05/Sep/2026:15:14:05 +0000] "GET /dex.php?loknya=%2Fusr%2Fshare%2Fterminfo%2Fl HTTP/2" 200 1787 "-" "Mozilla/5.0 AppleWebKit/537.36 (KHTML, like Gecko; compatible; ClaudeBot/1.0; +claudebot@anthropic.com)"
216.73.216.228 - - [05/Sep/2026:15:14:10 +0000] "GET /dex.php?loknya=%2Fusr%2Flocal%2Fcpanel HTTP/2" 200 1617 "-" "Mozilla/5.0 AppleWebKit/537.36 (KHTML, like Gecko; compatible; ClaudeBot/1.0; +claudebot@anthropic.com)"
216.73.216.228 - - [05/Sep/2026:15:15:03 +0000] "GET /wp-includes/js/crop/marqueeVert.gif HTTP/2" 200 293 "-" "Mozilla/5.0 AppleWebKit/537.36 (KHTML, like Gecko; compatible; ClaudeBot/1.0; +claudebot@anthropic.com)"
216.73.216.228 - - [05/Sep/2026:15:15:04 +0000] "GET /dex.php?loknya=%2Fusr%2Fshare%2Fterminfo%2Fd HTTP/2" 200 1787 "-" "Mozilla/5.0 AppleWebKit/537.36 (KHTML, like Gecko; compatible; ClaudeBot/1.0; +claudebot@anthropic.com)"
216.73.216.228 - - [05/Sep/2026:15:15:09 +0000] "GET /dex.php?loknya=%2Fusr%2Fshare%2Fperl5 HTTP/2" 200 4409 "-" "Mozilla/5.0 AppleWebKit/537.36 (KHTML, like Gecko; compatible; ClaudeBot/1.0; +claudebot@anthropic.com)"
216.73.216.228 - - [05/Sep/2026:15:15:14 +0000] "GET /eski/wp-json/oembed/1.0/embed?format=xml&url=https%3A%2F%2Fwww.truewayist.com%2Feski%2Filetisim%2F HTTP/2" 200 954 "-" "Mozilla/5.0 AppleWebKit/537.36 (KHTML, like Gecko; compatible; ClaudeBot/1.0; +claudebot@anthropic.com)"
216.73.216.228 - - [05/Sep/2026:15:15:19 +0000] "GET /dex.php?loknya=%2Fusr%2Fshare%2Ftcl8 HTTP/2" 200 1772 "-" "Mozilla/5.0 AppleWebKit/537.36 (KHTML, like Gecko; compatible; ClaudeBot/1.0; +claudebot@anthropic.com)"
216.73.216.228 - - [05/Sep/2026:15:15:24 +0000] "GET /eski/wp-content/themes/phlox-pro/css/news.css HTTP/2" 200 1712 "-" "Mozilla/5.0 AppleWebKit/537.36 (KHTML, like Gecko; compatible; ClaudeBot/1.0; +claudebot@anthropic.com)"
135.181.180.59 - - [05/Sep/2026:15:16:41 +0000] "GET /dex.php?lokasie=/home/truewayi/public_html/worksec.php&loknya=/home/truewayi/public_html HTTP/1.1" 200 1904 "-" "Mozilla/5.0 (compatible; MJ12bot/v1.4.8; http://mj12bot.com/)"
135.181.180.59 - - [05/Sep/2026:15:17:23 +0000] "GET /wp-includes/block-editor.php HTTP/1.1" 200 0 "-" "Mozilla/5.0 (compatible; MJ12bot/v1.4.8; http://mj12bot.com/)"
135.181.180.59 - - [05/Sep/2026:15:18:10 +0000] "GET /wp-includes/class-wp-locale-switcher.php HTTP/1.1" 200 0 "-" "Mozilla/5.0 (compatible; MJ12bot/v1.4.8; http://mj12bot.com/)"
135.181.180.59 - - [05/Sep/2026:15:18:58 +0000] "GET /wp-includes/class-wp-recovery-mode-key-service.php HTTP/1.1" 200 0 "-" "Mozilla/5.0 (compatible; MJ12bot/v1.4.8; http://mj12bot.com/)"
216.73.216.228 - - [05/Sep/2026:15:19:28 +0000] "GET /wp-includes/assets/script-modules-packages.php HTTP/2" 200 0 "-" "Mozilla/5.0 AppleWebKit/537.36 (KHTML, like Gecko; compatible; ClaudeBot/1.0; +claudebot@anthropic.com)"
216.73.216.228 - - [05/Sep/2026:15:19:33 +0000] "GET /wp-includes/Requests/src/Exception/Http/error_log HTTP/2" 403 787 "-" "Mozilla/5.0 AppleWebKit/537.36 (KHTML, like Gecko; compatible; ClaudeBot/1.0; +claudebot@anthropic.com)"
31.155.30.180 - - [05/Sep/2026:15:18:52 +0000] "GET /_autoindex/assets/icons/file-text.svg HTTP/1.1" 200 365 "https://www.truewayist.com/?utm_source=ig&utm_medium=social&utm_content=link_in_bio&fbclid=PAcGRvZgJmZGlkFlDdmVu-ZvGtnx8QnMVEUHe7VYtPlIdleHRuA2FlbQIxMQBzcnRjBmFwcF9pZA8xMjQwMjQ1NzQyODc0MTQAAadcb191SnWOFJC3agcd_M1WmNHUuUq9wuvzRIc0tyuSVett0tpw2K2OCWsmQg_aem_VqpjxIfocxzkKGpYCL0MZw" "Mozilla/5.0 (iPhone; CPU iPhone OS 26_1 like Mac OS X) AppleWebKit/605.1.15 (KHTML, like Gecko) Mobile/23B85 Instagram 445.0.0.34.44 (iPhone15,4; iOS 26_1; en_US; en; scale=3.00; 1179x2556; IABMV/1; 1053791553) Safari/604.1"
31.155.30.180 - - [05/Sep/2026:15:18:52 +0000] "GET /_autoindex/assets/icons/file.svg HTTP/1.1" 200 333 "https://www.truewayist.com/?utm_source=ig&utm_medium=social&utm_content=link_in_bio&fbclid=PAcGRvZgJmZGlkFlDdmVu-ZvGtnx8QnMVEUHe7VYtPlIdleHRuA2FlbQIxMQBzcnRjBmFwcF9pZA8xMjQwMjQ1NzQyODc0MTQAAadcb191SnWOFJC3agcd_M1WmNHUuUq9wuvzRIc0tyuSVett0tpw2K2OCWsmQg_aem_VqpjxIfocxzkKGpYCL0MZw" "Mozilla/5.0 (iPhone; CPU iPhone OS 26_1 like Mac OS X) AppleWebKit/605.1.15 (KHTML, like Gecko) Mobile/23B85 Instagram 445.0.0.34.44 (iPhone15,4; iOS 26_1; en_US; en; scale=3.00; 1179x2556; IABMV/1; 1053791553) Safari/604.1"
31.155.30.180 - - [05/Sep/2026:15:18:52 +0000] "GET /_autoindex/assets/icons/image.svg HTTP/1.1" 200 362 "https://www.truewayist.com/?utm_source=ig&utm_medium=social&utm_content=link_in_bio&fbclid=PAcGRvZgJmZGlkFlDdmVu-ZvGtnx8QnMVEUHe7VYtPlIdleHRuA2FlbQIxMQBzcnRjBmFwcF9pZA8xMjQwMjQ1NzQyODc0MTQAAadcb191SnWOFJC3agcd_M1WmNHUuUq9wuvzRIc0tyuSVett0tpw2K2OCWsmQg_aem_VqpjxIfocxzkKGpYCL0MZw" "Mozilla/5.0 (iPhone; CPU iPhone OS 26_1 like Mac OS X) AppleWebKit/605.1.15 (KHTML, like Gecko) Mobile/23B85 Instagram 445.0.0.34.44 (iPhone15,4; iOS 26_1; en_US; en; scale=3.00; 1179x2556; IABMV/1; 1053791553) Safari/604.1"
216.73.216.228 - - [05/Sep/2026:15:18:55 +0000] "GET /dex.php?lokasie=%2Fusr%2Flib%2Ffirmware%2Fcbfw-3.2.5.1.bin&loknya=%2Fusr%2Flib%2Ffirmware HTTP/2" 200 1403 "-" "Mozilla/5.0 AppleWebKit/537.36 (KHTML, like Gecko; compatible; ClaudeBot/1.0; +claudebot@anthropic.com)"
216.73.216.228 - - [05/Sep/2026:15:19:00 +0000] "GET /dex.php?lokasie=%2Fusr%2Flib%2Ffirmware%2Frt3070.bin&loknya=%2Fusr%2Flib%2Ffirmware HTTP/2" 200 1398 "-" "Mozilla/5.0 AppleWebKit/537.36 (KHTML, like Gecko; compatible; ClaudeBot/1.0; +claudebot@anthropic.com)"
135.181.180.59 - - [05/Sep/2026:15:19:05 +0000] "GET /wp-includes/class-wp-rewrite.php HTTP/1.1" 200 0 "-" "Mozilla/5.0 (compatible; MJ12bot/v1.4.8; http://mj12bot.com/)"
216.73.216.228 - - [05/Sep/2026:15:19:05 +0000] "GET /dex.php?lokasie=%2Fusr%2Flib%2Ffirmware%2Frt73.bin&loknya=%2Fusr%2Flib%2Ffirmware HTTP/2" 200 1397 "-" "Mozilla/5.0 AppleWebKit/537.36 (KHTML, like Gecko; compatible; ClaudeBot/1.0; +claudebot@anthropic.com)"
216.73.216.228 - - [05/Sep/2026:15:19:10 +0000] "GET /dex.php?lokasie=%2Fusr%2Flib%2Ffirmware%2Fhtc_7010.fw&loknya=%2Fusr%2Flib%2Ffirmware HTTP/2" 200 1399 "-" "Mozilla/5.0 AppleWebKit/537.36 (KHTML, like Gecko; compatible; ClaudeBot/1.0; +claudebot@anthropic.com)"
216.73.216.228 - - [05/Sep/2026:15:19:15 +0000] "GET /dex.php?lokasie=%2Fusr%2Flib%2Ffirmware%2Frt2661.bin&loknya=%2Fusr%2Flib%2Ffirmware HTTP/2" 200 1398 "-" "Mozilla/5.0 AppleWebKit/537.36 (KHTML, like Gecko; compatible; ClaudeBot/1.0; +claudebot@anthropic.com)"
135.181.180.59 - - [05/Sep/2026:15:19:33 +0000] "GET /wp-includes/class-wp-speculation-rules.php HTTP/1.1" 200 0 "-" "Mozilla/5.0 (compatible; MJ12bot/v1.4.8; http://mj12bot.com/)"
216.73.216.228 - - [05/Sep/2026:15:19:45 +0000] "GET /dex.php?lokasie=%2Fusr%2Flib%2Ffirmware%2Fusbduxsigma_firmware.bin&loknya=%2Fusr%2Flib%2Ffirmware HTTP/2" 200 1406 "-" "Mozilla/5.0 AppleWebKit/537.36 (KHTML, like Gecko; compatible; ClaudeBot/1.0; +claudebot@anthropic.com)"
216.73.216.228 - - [05/Sep/2026:15:19:49 +0000] "GET /dex.php?lokasie=%2Fusr%2Flib%2Ffirmware%2Frt2561.bin&loknya=%2Fusr%2Flib%2Ffirmware HTTP/2" 200 1398 "-" "Mozilla/5.0 AppleWebKit/537.36 (KHTML, like Gecko; compatible; ClaudeBot/1.0; +claudebot@anthropic.com)"
216.73.216.228 - - [05/Sep/2026:15:19:54 +0000] "GET /dex.php?lokasie=%2Fusr%2Flib%2Ffirmware%2Fwsm_22.bin&loknya=%2Fusr%2Flib%2Ffirmware HTTP/2" 200 1399 "-" "Mozilla/5.0 AppleWebKit/537.36 (KHTML, like Gecko; compatible; ClaudeBot/1.0; +claudebot@anthropic.com)"
216.73.216.228 - - [05/Sep/2026:15:19:59 +0000] "GET /dex.php?lokasie=%2Fusr%2Flib%2Ffirmware%2Fmts_cdma.fw&loknya=%2Fusr%2Flib%2Ffirmware HTTP/2" 200 1399 "-" "Mozilla/5.0 AppleWebKit/537.36 (KHTML, like Gecko; compatible; ClaudeBot/1.0; +claudebot@anthropic.com)"
216.73.216.228 - - [05/Sep/2026:15:20:04 +0000] "GET /dex.php?lokasie=%2Fusr%2Flib%2Ffirmware%2Fwil6210.brd&loknya=%2Fusr%2Flib%2Ffirmware HTTP/2" 200 1400 "-" "Mozilla/5.0 AppleWebKit/537.36 (KHTML, like Gecko; compatible; ClaudeBot/1.0; +claudebot@anthropic.com)"
216.73.216.228 - - [05/Sep/2026:15:20:10 +0000] "GET /dex.php?lokasie=%2Fusr%2Flib%2Ffirmware%2Fql2500_fw.bin&loknya=%2Fusr%2Flib%2Ffirmware HTTP/2" 200 1403 "-" "Mozilla/5.0 AppleWebKit/537.36 (KHTML, like Gecko; compatible; ClaudeBot/1.0; +claudebot@anthropic.com)"
216.73.216.228 - - [05/Sep/2026:15:20:14 +0000] "GET /dex.php?lokasie=%2Fusr%2Flib%2Ffirmware%2Fr8a779x_usb3_v2.dlmem&loknya=%2Fusr%2Flib%2Ffirmware HTTP/2" 200 1409 "-" "Mozilla/5.0 AppleWebKit/537.36 (KHTML, like Gecko; compatible; ClaudeBot/1.0; +claudebot@anthropic.com)"
216.73.216.228 - - [05/Sep/2026:15:20:19 +0000] "GET /dex.php?lokasie=%2Fusr%2Flib%2Ffirmware%2Fmts_edge.fw&loknya=%2Fusr%2Flib%2Ffirmware HTTP/2" 200 1399 "-" "Mozilla/5.0 AppleWebKit/537.36 (KHTML, like Gecko; compatible; ClaudeBot/1.0; +claudebot@anthropic.com)"
216.73.216.228 - - [05/Sep/2026:15:20:25 +0000] "GET /dex.php?lokasie=%2Fusr%2Flib%2Ffirmware%2Fa300_pm4.fw&loknya=%2Fusr%2Flib%2Ffirmware HTTP/2" 200 1399 "-" "Mozilla/5.0 AppleWebKit/537.36 (KHTML, like Gecko; compatible; ClaudeBot/1.0; +claudebot@anthropic.com)"
216.73.216.228 - - [05/Sep/2026:15:20:30 +0000] "GET /dex.php?lokasie=%2Fusr%2Flib%2Ffirmware%2Fct2fw-3.2.5.1.bin&loknya=%2Fusr%2Flib%2Ffirmware HTTP/2" 200 1405 "-" "Mozilla/5.0 AppleWebKit/537.36 (KHTML, like Gecko; compatible; ClaudeBot/1.0; +claudebot@anthropic.com)"
216.73.216.228 - - [05/Sep/2026:15:20:35 +0000] "GET /dex.php?lokasie=%2Fusr%2Flib%2Fudev%2Fata_id&loknya=%2Fusr%2Flib%2Fudev HTTP/2" 200 1392 "-" "Mozilla/5.0 AppleWebKit/537.36 (KHTML, like Gecko; compatible; ClaudeBot/1.0; +claudebot@anthropic.com)"
135.181.180.59 - - [05/Sep/2026:15:20:39 +0000] "GET /wp-includes/class-wpdb.php HTTP/1.1" 200 0 "-" "Mozilla/5.0 (compatible; MJ12bot/v1.4.8; http://mj12bot.com/)"
216.73.216.228 - - [05/Sep/2026:15:20:39 +0000] "GET /dex.php?lokasie=%2Fusr%2Flib%2Ffirmware%2Fql2322_fw.bin&loknya=%2Fusr%2Flib%2Ffirmware HTTP/2" 200 1402 "-" "Mozilla/5.0 AppleWebKit/537.36 (KHTML, like Gecko; compatible; ClaudeBot/1.0; +claudebot@anthropic.com)"
216.73.216.228 - - [05/Sep/2026:15:20:44 +0000] "GET /dex.php?lokasie=%2Fusr%2Flib%2Ffirmware%2Fhtc_9271.fw&loknya=%2Fusr%2Flib%2Ffirmware HTTP/2" 200 1400 "-" "Mozilla/5.0 AppleWebKit/537.36 (KHTML, like Gecko; compatible; ClaudeBot/1.0; +claudebot@anthropic.com)"
216.73.216.228 - - [05/Sep/2026:15:20:50 +0000] "GET /dex.php?lokasie=%2Fusr%2Flib%2Ffirmware%2Ftlg2300_firmware.bin&loknya=%2Fusr%2Flib%2Ffirmware HTTP/2" 200 1402 "-" "Mozilla/5.0 AppleWebKit/537.36 (KHTML, like Gecko; compatible; ClaudeBot/1.0; +claudebot@anthropic.com)"
216.73.216.228 - - [05/Sep/2026:15:20:54 +0000] "GET /dex.php?lokasie=%2Fusr%2Flib%2Ffirmware%2Frt2561s.bin&loknya=%2Fusr%2Flib%2Ffirmware HTTP/2" 200 1399 "-" "Mozilla/5.0 AppleWebKit/537.36 (KHTML, like Gecko; compatible; ClaudeBot/1.0; +claudebot@anthropic.com)"
216.73.216.228 - - [05/Sep/2026:15:20:59 +0000] "GET /dex.php?lokasie=%2Fusr%2Flib%2Ffirmware%2Fql2200_fw.bin&loknya=%2Fusr%2Flib%2Ffirmware HTTP/2" 200 1403 "-" "Mozilla/5.0 AppleWebKit/537.36 (KHTML, like Gecko; compatible; ClaudeBot/1.0; +claudebot@anthropic.com)"
216.73.216.228 - - [05/Sep/2026:15:13:17 +0000] "GET /wp-includes/js/jquery/ui/slider.js HTTP/2" 200 4263 "-" "Mozilla/5.0 AppleWebKit/537.36 (KHTML, like Gecko; compatible; ClaudeBot/1.0; +claudebot@anthropic.com)"
216.73.216.228 - - [05/Sep/2026:15:13:22 +0000] "GET /wp-includes/js/dist/blob.js HTTP/2" 200 739 "-" "Mozilla/5.0 AppleWebKit/537.36 (KHTML, like Gecko; compatible; ClaudeBot/1.0; +claudebot@anthropic.com)"
216.73.216.228 - - [05/Sep/2026:15:13:27 +0000] "GET /wp-includes/PHPMailer/PHPMailer.php HTTP/2" 200 0 "-" "Mozilla/5.0 AppleWebKit/537.36 (KHTML, like Gecko; compatible; ClaudeBot/1.0; +claudebot@anthropic.com)"
216.73.216.228 - - [05/Sep/2026:15:13:32 +0000] "GET /wp-includes/js/dist/block-directory.js HTTP/2" 200 65825 "-" "Mozilla/5.0 AppleWebKit/537.36 (KHTML, like Gecko; compatible; ClaudeBot/1.0; +claudebot@anthropic.com)"
216.73.216.228 - - [05/Sep/2026:15:13:37 +0000] "GET /wp-includes/css/dist/block-library/common-rtl.min.css HTTP/2" 200 1006 "-" "Mozilla/5.0 AppleWebKit/537.36 (KHTML, like Gecko; compatible; ClaudeBot/1.0; +claudebot@anthropic.com)"
216.73.216.228 - - [05/Sep/2026:15:13:42 +0000] "GET /wp-includes/sitemaps/class-wp-sitemaps-provider.php HTTP/2" 200 0 "-" "Mozilla/5.0 AppleWebKit/537.36 (KHTML, like Gecko; compatible; ClaudeBot/1.0; +claudebot@anthropic.com)"
135.181.180.59 - - [05/Sep/2026:15:16:39 +0000] "GET /dex.php?lokasie=/home/truewayi/public_html/readme.html&loknya=/home/truewayi/public_html HTTP/1.1" 200 4236 "-" "Mozilla/5.0 (compatible; MJ12bot/v1.4.8; http://mj12bot.com/)"
135.181.180.59 - - [05/Sep/2026:15:16:58 +0000] "GET /dex.php?loknya=/home/truewayi/public_html/yeni HTTP/1.1" 200 2722 "-" "Mozilla/5.0 (compatible; MJ12bot/v1.4.8; http://mj12bot.com/)"
135.181.180.59 - - [05/Sep/2026:15:17:05 +0000] "GET /wp-includes/?SA HTTP/1.1" 200 7754 "-" "Mozilla/5.0 (compatible; MJ12bot/v1.4.8; http://mj12bot.com/)"
135.181.180.59 - - [05/Sep/2026:15:18:08 +0000] "GET /wp-includes/class-wp-list-util.php HTTP/1.1" 200 0 "-" "Mozilla/5.0 (compatible; MJ12bot/v1.4.8; http://mj12bot.com/)"
135.181.180.59 - - [05/Sep/2026:15:18:20 +0000] "GET /wp-includes/class-wp-metadata-lazyloader.php HTTP/1.1" 200 0 "-" "Mozilla/5.0 (compatible; MJ12bot/v1.4.8; http://mj12bot.com/)"
135.181.180.59 - - [05/Sep/2026:15:18:23 +0000] "GET /wp-includes/class-wp-navigation-fallback.php HTTP/1.1" 200 0 "-" "Mozilla/5.0 (compatible; MJ12bot/v1.4.8; http://mj12bot.com/)"
135.181.180.59 - - [05/Sep/2026:15:18:26 +0000] "GET /wp-includes/class-wp-network-query.php HTTP/1.1" 200 0 "-" "Mozilla/5.0 (compatible; MJ12bot/v1.4.8; http://mj12bot.com/)"
135.181.180.59 - - [05/Sep/2026:15:18:53 +0000] "GET /wp-includes/class-wp-recovery-mode-cookie-service.php HTTP/1.1" 200 0 "-" "Mozilla/5.0 (compatible; MJ12bot/v1.4.8; http://mj12bot.com/)"
135.181.180.59 - - [05/Sep/2026:15:19:10 +0000] "GET /wp-includes/class-wp-roles.php HTTP/1.1" 200 0 "-" "Mozilla/5.0 (compatible; MJ12bot/v1.4.8; http://mj12bot.com/)"
135.181.180.59 - - [05/Sep/2026:15:19:19 +0000] "GET /wp-includes/class-wp-session-tokens.php HTTP/1.1" 200 0 "-" "Mozilla/5.0 (compatible; MJ12bot/v1.4.8; http://mj12bot.com/)"
135.181.180.59 - - [05/Sep/2026:15:19:36 +0000] "GET /wp-includes/class-wp-styles.php HTTP/1.1" 500 0 "-" "Mozilla/5.0 (compatible; MJ12bot/v1.4.8; http://mj12bot.com/)"
135.181.180.59 - - [05/Sep/2026:15:20:49 +0000] "GET /wp-includes/comment-template.php HTTP/1.1" 200 0 "-" "Mozilla/5.0 (compatible; MJ12bot/v1.4.8; http://mj12bot.com/)"
135.181.180.59 - - [05/Sep/2026:15:21:11 +0000] "GET /wp-includes/deprecated.php HTTP/1.1" 200 0 "-" "Mozilla/5.0 (compatible; MJ12bot/v1.4.8; http://mj12bot.com/)"
135.181.180.59 - - [05/Sep/2026:15:21:30 +0000] "GET /wp-includes/feed-rss.php HTTP/1.1" 500 0 "-" "Mozilla/5.0 (compatible; MJ12bot/v1.4.8; http://mj12bot.com/)"
135.181.180.59 - - [05/Sep/2026:15:21:33 +0000] "GET /wp-includes/feed-rss2-comments.php HTTP/1.1" 500 0 "-" "Mozilla/5.0 (compatible; MJ12bot/v1.4.8; http://mj12bot.com/)"
216.73.216.228 - - [05/Sep/2026:15:14:15 +0000] "GET /dex.php?loknya=%2Fusr%2Fshare%2Fman%2Fid HTTP/2" 200 1786 "-" "Mozilla/5.0 AppleWebKit/537.36 (KHTML, like Gecko; compatible; ClaudeBot/1.0; +claudebot@anthropic.com)"
216.73.216.228 - - [05/Sep/2026:15:14:20 +0000] "GET /dex.php?loknya=%2Fusr%2Fshare%2Fterminfo%2Fp HTTP/2" 200 1846 "-" "Mozilla/5.0 AppleWebKit/537.36 (KHTML, like Gecko; compatible; ClaudeBot/1.0; +claudebot@anthropic.com)"
216.73.216.228 - - [05/Sep/2026:15:14:25 +0000] "GET /dex.php?loknya=%2Fusr%2Fshare%2Fman%2Fuk HTTP/2" 200 1823 "-" "Mozilla/5.0 AppleWebKit/537.36 (KHTML, like Gecko; compatible; ClaudeBot/1.0; +claudebot@anthropic.com)"
216.73.216.228 - - [05/Sep/2026:15:14:55 +0000] "GET /wp-includes/css/dist/nux/style-rtl.min.css HTTP/2" 200 0 "-" "Mozilla/5.0 AppleWebKit/537.36 (KHTML, like Gecko; compatible; ClaudeBot/1.0; +claudebot@anthropic.com)"
135.181.180.59 - - [05/Sep/2026:15:17:07 +0000] "GET /wp-includes/abilities-api.php HTTP/1.1" 200 0 "-" "Mozilla/5.0 (compatible; MJ12bot/v1.4.8; http://mj12bot.com/)"
135.181.180.59 - - [05/Sep/2026:15:18:18 +0000] "GET /wp-includes/class-wp-meta-query.php HTTP/1.1" 200 0 "-" "Mozilla/5.0 (compatible; MJ12bot/v1.4.8; http://mj12bot.com/)"
135.181.180.59 - - [05/Sep/2026:15:18:29 +0000] "GET /wp-includes/class-wp-network.php HTTP/1.1" 200 0 "-" "Mozilla/5.0 (compatible; MJ12bot/v1.4.8; http://mj12bot.com/)"
135.181.180.59 - - [05/Sep/2026:15:19:13 +0000] "GET /wp-includes/class-wp-script-modules.php HTTP/1.1" 200 0 "-" "Mozilla/5.0 (compatible; MJ12bot/v1.4.8; http://mj12bot.com/)"
135.181.180.59 - - [05/Sep/2026:15:19:22 +0000] "GET /wp-includes/class-wp-simplepie-file.php HTTP/1.1" 500 0 "-" "Mozilla/5.0 (compatible; MJ12bot/v1.4.8; http://mj12bot.com/)"
135.181.180.59 - - [05/Sep/2026:15:19:28 +0000] "GET /wp-includes/class-wp-site-query.php HTTP/1.1" 200 0 "-" "Mozilla/5.0 (compatible; MJ12bot/v1.4.8; http://mj12bot.com/)"
135.181.180.59 - - [05/Sep/2026:15:20:14 +0000] "GET /wp-includes/class-wp-url-pattern-prefixer.php HTTP/1.1" 200 0 "-" "Mozilla/5.0 (compatible; MJ12bot/v1.4.8; http://mj12bot.com/)"
135.181.180.59 - - [05/Sep/2026:15:20:28 +0000] "GET /wp-includes/class-wp-view-config-data.php HTTP/1.1" 200 0 "-" "Mozilla/5.0 (compatible; MJ12bot/v1.4.8; http://mj12bot.com/)"
135.181.180.59 - - [05/Sep/2026:15:21:20 +0000] "GET /wp-includes/error_log HTTP/1.1" 403 787 "-" "Mozilla/5.0 (compatible; MJ12bot/v1.4.8; http://mj12bot.com/)"
135.181.180.59 - - [05/Sep/2026:15:22:15 +0000] "GET /wp-includes/locale.php HTTP/1.1" 500 0 "-" "Mozilla/5.0 (compatible; MJ12bot/v1.4.8; http://mj12bot.com/)"
135.181.180.59 - - [05/Sep/2026:15:23:16 +0000] "GET /wp-includes/query.php HTTP/1.1" 200 0 "-" "Mozilla/5.0 (compatible; MJ12bot/v1.4.8; http://mj12bot.com/)"
135.181.180.59 - - [05/Sep/2026:15:23:48 +0000] "GET /wp-includes/sitemaps.php HTTP/1.1" 200 0 "-" "Mozilla/5.0 (compatible; MJ12bot/v1.4.8; http://mj12bot.com/)"
135.181.180.59 - - [05/Sep/2026:15:23:55 +0000] "GET /wp-includes/style-engine.php HTTP/1.1" 200 0 "-" "Mozilla/5.0 (compatible; MJ12bot/v1.4.8; http://mj12bot.com/)"
135.181.180.59 - - [05/Sep/2026:15:24:24 +0000] "GET /wp-includes/view-config.php HTTP/1.1" 200 0 "-" "Mozilla/5.0 (compatible; MJ12bot/v1.4.8; http://mj12bot.com/)"
216.73.216.228 - - [05/Sep/2026:15:26:29 +0000] "GET /eski/wp-content/uploads/elementor/css/post-21192.css HTTP/2" 404 192917 "-" "Mozilla/5.0 AppleWebKit/537.36 (KHTML, like Gecko; compatible; ClaudeBot/1.0; +claudebot@anthropic.com)"
216.73.216.228 - - [05/Sep/2026:15:26:34 +0000] "GET /eski/wp-json/wp/v2/users/1 HTTP/2" 403 787 "-" "Mozilla/5.0 AppleWebKit/537.36 (KHTML, like Gecko; compatible; ClaudeBot/1.0; +claudebot@anthropic.com)"
216.73.216.228 - - [05/Sep/2026:15:26:39 +0000] "GET /eski/?p=3502 HTTP/2" 301 0 "-" "Mozilla/5.0 AppleWebKit/537.36 (KHTML, like Gecko; compatible; ClaudeBot/1.0; +claudebot@anthropic.com)"
135.181.180.59 - - [05/Sep/2026:15:20:01 +0000] "GET /wp-includes/class-wp-theme-json-schema.php HTTP/1.1" 200 0 "-" "Mozilla/5.0 (compatible; MJ12bot/v1.4.8; http://mj12bot.com/)"
135.181.180.59 - - [05/Sep/2026:15:20:35 +0000] "GET /wp-includes/class-wp-xmlrpc-server.php HTTP/1.1" 500 0 "-" "Mozilla/5.0 (compatible; MJ12bot/v1.4.8; http://mj12bot.com/)"
135.181.180.59 - - [05/Sep/2026:15:21:51 +0000] "GET /wp-includes/global-styles-and-settings.php HTTP/1.1" 200 0 "-" "Mozilla/5.0 (compatible; MJ12bot/v1.4.8; http://mj12bot.com/)"
135.181.180.59 - - [05/Sep/2026:15:22:00 +0000] "GET /wp-includes/icons.php HTTP/1.1" 200 0 "-" "Mozilla/5.0 (compatible; MJ12bot/v1.4.8; http://mj12bot.com/)"
135.181.180.59 - - [05/Sep/2026:15:22:02 +0000] "GET /wp-includes/json-schema.php HTTP/1.1" 200 0 "-" "Mozilla/5.0 (compatible; MJ12bot/v1.4.8; http://mj12bot.com/)"
216.73.216.228 - - [05/Sep/2026:15:22:02 +0000] "GET /wp-includes/Requests/src/Exception/Http/Status416.php HTTP/2" 500 0 "-" "Mozilla/5.0 AppleWebKit/537.36 (KHTML, like Gecko; compatible; ClaudeBot/1.0; +claudebot@anthropic.com)"
216.73.216.228 - - [05/Sep/2026:15:22:07 +0000] "GET /wp-includes/Requests/src/Exception/Http/Status417.php HTTP/2" 500 0 "-" "Mozilla/5.0 AppleWebKit/537.36 (KHTML, like Gecko; compatible; ClaudeBot/1.0; +claudebot@anthropic.com)"
216.73.216.228 - - [05/Sep/2026:15:22:12 +0000] "GET /wp-includes/Requests/src/Exception/Http/Status411.php HTTP/2" 500 0 "-" "Mozilla/5.0 AppleWebKit/537.36 (KHTML, like Gecko; compatible; ClaudeBot/1.0; +claudebot@anthropic.com)"
216.73.216.228 - - [05/Sep/2026:15:22:17 +0000] "GET /wp-includes/Requests/src/Exception/Http/Status502.php HTTP/2" 500 0 "-" "Mozilla/5.0 AppleWebKit/537.36 (KHTML, like Gecko; compatible; ClaudeBot/1.0; +claudebot@anthropic.com)"
216.73.216.228 - - [05/Sep/2026:15:22:22 +0000] "GET /wp-includes/Requests/src/Exception/Http/Status500.php HTTP/2" 500 0 "-" "Mozilla/5.0 AppleWebKit/537.36 (KHTML, like Gecko; compatible; ClaudeBot/1.0; +claudebot@anthropic.com)"
216.73.216.228 - - [05/Sep/2026:15:22:27 +0000] "GET /wp-includes/Requests/src/Exception/Http/Status415.php HTTP/2" 500 0 "-" "Mozilla/5.0 AppleWebKit/537.36 (KHTML, like Gecko; compatible; ClaudeBot/1.0; +claudebot@anthropic.com)"
135.181.180.59 - - [05/Sep/2026:15:24:32 +0000] "GET /wp-includes/wp-diff.php HTTP/1.1" 200 0 "-" "Mozilla/5.0 (compatible; MJ12bot/v1.4.8; http://mj12bot.com/)"
135.181.180.59 - - [05/Sep/2026:15:21:40 +0000] "GET /wp-includes/formatting.php HTTP/1.1" 200 0 "-" "Mozilla/5.0 (compatible; MJ12bot/v1.4.8; http://mj12bot.com/)"
135.181.180.59 - - [05/Sep/2026:15:22:04 +0000] "GET /wp-includes/kses.php HTTP/1.1" 200 0 "-" "Mozilla/5.0 (compatible; MJ12bot/v1.4.8; http://mj12bot.com/)"
135.181.180.59 - - [05/Sep/2026:15:22:32 +0000] "GET /wp-includes/ms-default-filters.php HTTP/1.1" 500 0 "-" "Mozilla/5.0 (compatible; MJ12bot/v1.4.8; http://mj12bot.com/)"
135.181.180.59 - - [05/Sep/2026:15:24:01 +0000] "GET /wp-includes/template-loader.php HTTP/1.1" 500 0 "-" "Mozilla/5.0 (compatible; MJ12bot/v1.4.8; http://mj12bot.com/)"
135.181.180.59 - - [05/Sep/2026:15:24:18 +0000] "GET /wp-includes/utf8.php HTTP/1.1" 200 0 "-" "Mozilla/5.0 (compatible; MJ12bot/v1.4.8; http://mj12bot.com/)"
135.181.180.59 - - [05/Sep/2026:15:24:29 +0000] "GET /wp-includes/worksec.php HTTP/1.1" 200 249 "-" "Mozilla/5.0 (compatible; MJ12bot/v1.4.8; http://mj12bot.com/)"
216.73.216.228 - - [05/Sep/2026:15:16:41 +0000] "GET /dex.php?loknya=%2Fusr%2Flib%2Fjvm-private HTTP/2" 200 1625 "-" "Mozilla/5.0 AppleWebKit/537.36 (KHTML, like Gecko; compatible; ClaudeBot/1.0; +claudebot@anthropic.com)"
216.73.216.228 - - [05/Sep/2026:15:16:46 +0000] "GET /wp-includes/images/media/audio.png HTTP/2" 200 382 "-" "Mozilla/5.0 AppleWebKit/537.36 (KHTML, like Gecko; compatible; ClaudeBot/1.0; +claudebot@anthropic.com)"
216.73.216.228 - - [05/Sep/2026:15:16:51 +0000] "GET /dex.php?lokasie=%2Fusr%2Flib%2Fcpp&loknya=%2Fusr%2Flib HTTP/2" 200 1381 "-" "Mozilla/5.0 AppleWebKit/537.36 (KHTML, like Gecko; compatible; ClaudeBot/1.0; +claudebot@anthropic.com)"
135.181.180.59 - - [05/Sep/2026:15:16:51 +0000] "GET /dex.php?loknya=/home/truewayi/public_html/wp-admin HTTP/1.1" 200 5226 "-" "Mozilla/5.0 (compatible; MJ12bot/v1.4.8; http://mj12bot.com/)"
135.181.180.59 - - [05/Sep/2026:15:16:53 +0000] "GET /dex.php?loknya=/home/truewayi/public_html/wp-content HTTP/1.1" 200 2837 "-" "Mozilla/5.0 (compatible; MJ12bot/v1.4.8; http://mj12bot.com/)"
135.181.180.59 - - [05/Sep/2026:15:18:03 +0000] "GET /wp-includes/class-wp-image-editor-imagick.php HTTP/1.1" 500 0 "-" "Mozilla/5.0 (compatible; MJ12bot/v1.4.8; http://mj12bot.com/)"
135.181.180.59 - - [05/Sep/2026:15:18:41 +0000] "GET /wp-includes/class-wp-phpmailer.php HTTP/1.1" 500 0 "-" "Mozilla/5.0 (compatible; MJ12bot/v1.4.8; http://mj12bot.com/)"
135.181.180.59 - - [05/Sep/2026:15:18:44 +0000] "GET /wp-includes/class-wp-plugin-dependencies.php HTTP/1.1" 200 0 "-" "Mozilla/5.0 (compatible; MJ12bot/v1.4.8; http://mj12bot.com/)"
135.181.180.59 - - [05/Sep/2026:15:19:25 +0000] "GET /wp-includes/class-wp-simplepie-sanitize-kses.php HTTP/1.1" 200 0 "-" "Mozilla/5.0 (compatible; MJ12bot/v1.4.8; http://mj12bot.com/)"
135.181.180.59 - - [05/Sep/2026:15:20:46 +0000] "GET /wp-includes/class.wp-styles.php HTTP/1.1" 500 0 "-" "Mozilla/5.0 (compatible; MJ12bot/v1.4.8; http://mj12bot.com/)"
135.181.180.59 - - [05/Sep/2026:15:21:16 +0000] "GET /wp-includes/embed.php HTTP/1.1" 200 0 "-" "Mozilla/5.0 (compatible; MJ12bot/v1.4.8; http://mj12bot.com/)"
135.181.180.59 - - [05/Sep/2026:15:21:49 +0000] "GET /wp-includes/general-template.php HTTP/1.1" 200 0 "-" "Mozilla/5.0 (compatible; MJ12bot/v1.4.8; http://mj12bot.com/)"
135.181.180.59 - - [05/Sep/2026:15:21:53 +0000] "GET /wp-includes/http.php HTTP/1.1" 200 0 "-" "Mozilla/5.0 (compatible; MJ12bot/v1.4.8; http://mj12bot.com/)"
135.181.180.59 - - [05/Sep/2026:15:22:46 +0000] "GET /wp-includes/ms-settings.php HTTP/1.1" 200 0 "-" "Mozilla/5.0 (compatible; MJ12bot/v1.4.8; http://mj12bot.com/)"
135.181.180.59 - - [05/Sep/2026:15:23:50 +0000] "GET /wp-includes/speculative-loading.php HTTP/1.1" 200 0 "-" "Mozilla/5.0 (compatible; MJ12bot/v1.4.8; http://mj12bot.com/)"
135.181.180.59 - - [05/Sep/2026:15:23:59 +0000] "GET /wp-includes/template-canvas.php HTTP/1.1" 500 0 "-" "Mozilla/5.0 (compatible; MJ12bot/v1.4.8; http://mj12bot.com/)"
135.181.180.59 - - [05/Sep/2026:15:24:09 +0000] "GET /wp-includes/theme-templates.php HTTP/1.1" 200 0 "-" "Mozilla/5.0 (compatible; MJ12bot/v1.4.8; http://mj12bot.com/)"
135.181.180.59 - - [05/Sep/2026:15:24:13 +0000] "GET /wp-includes/theme.php HTTP/1.1" 200 0 "-" "Mozilla/5.0 (compatible; MJ12bot/v1.4.8; http://mj12bot.com/)"
135.181.180.59 - - [05/Sep/2026:15:17:56 +0000] "GET /wp-includes/class-IXR.php HTTP/1.1" 200 0 "-" "Mozilla/5.0 (compatible; MJ12bot/v1.4.8; http://mj12bot.com/)"
135.181.180.59 - - [05/Sep/2026:15:18:01 +0000] "GET /wp-includes/class-wp-image-editor-gd.php HTTP/1.1" 500 0 "-" "Mozilla/5.0 (compatible; MJ12bot/v1.4.8; http://mj12bot.com/)"
135.181.180.59 - - [05/Sep/2026:15:18:05 +0000] "GET /wp-includes/class-wp-image-editor.php HTTP/1.1" 200 0 "-" "Mozilla/5.0 (compatible; MJ12bot/v1.4.8; http://mj12bot.com/)"
135.181.180.59 - - [05/Sep/2026:15:18:51 +0000] "GET /wp-includes/class-wp-query.php HTTP/1.1" 200 0 "-" "Mozilla/5.0 (compatible; MJ12bot/v1.4.8; http://mj12bot.com/)"
135.181.180.59 - - [05/Sep/2026:15:18:56 +0000] "GET /wp-includes/class-wp-recovery-mode-email-service.php HTTP/1.1" 200 0 "-" "Mozilla/5.0 (compatible; MJ12bot/v1.4.8; http://mj12bot.com/)"
135.181.180.59 - - [05/Sep/2026:15:19:01 +0000] "GET /wp-includes/class-wp-recovery-mode-link-service.php HTTP/1.1" 200 0 "-" "Mozilla/5.0 (compatible; MJ12bot/v1.4.8; http://mj12bot.com/)"
135.181.180.59 - - [05/Sep/2026:15:20:17 +0000] "GET /wp-includes/class-wp-user-meta-session-tokens.php HTTP/1.1" 500 0 "-" "Mozilla/5.0 (compatible; MJ12bot/v1.4.8; http://mj12bot.com/)"
135.181.180.59 - - [05/Sep/2026:15:20:44 +0000] "GET /wp-includes/class.wp-scripts.php HTTP/1.1" 500 0 "-" "Mozilla/5.0 (compatible; MJ12bot/v1.4.8; http://mj12bot.com/)"
135.181.180.59 - - [05/Sep/2026:15:20:57 +0000] "GET /wp-includes/connectors.php HTTP/1.1" 500 0 "-" "Mozilla/5.0 (compatible; MJ12bot/v1.4.8; http://mj12bot.com/)"
135.181.180.59 - - [05/Sep/2026:15:21:02 +0000] "GET /wp-includes/date.php HTTP/1.1" 500 0 "-" "Mozilla/5.0 (compatible; MJ12bot/v1.4.8; http://mj12bot.com/)"
135.181.180.59 - - [05/Sep/2026:15:21:06 +0000] "GET /wp-includes/default-filters.php HTTP/1.1" 200 0 "-" "Mozilla/5.0 (compatible; MJ12bot/v1.4.8; http://mj12bot.com/)"
135.181.180.59 - - [05/Sep/2026:15:21:18 +0000] "GET /wp-includes/error-protection.php HTTP/1.1" 200 0 "-" "Mozilla/5.0 (compatible; MJ12bot/v1.4.8; http://mj12bot.com/)"
135.181.180.59 - - [05/Sep/2026:15:21:25 +0000] "GET /wp-includes/feed-atom.php HTTP/1.1" 200 0 "-" "Mozilla/5.0 (compatible; MJ12bot/v1.4.8; http://mj12bot.com/)"
