178.150.14.250 - - [05/Sep/2026:16:49:11 +0000] "GET /wp-includes/class-wp-ajax-response.php HTTP/1.1" 200 0 "-" "Mozilla/5.0 (compatible; MJ12bot/v1.4.8; http://mj12bot.com/)"
178.150.14.250 - - [05/Sep/2026:16:49:13 +0000] "GET /wp-includes/class-wp-application-passwords.php HTTP/1.1" 200 0 "-" "Mozilla/5.0 (compatible; MJ12bot/v1.4.8; http://mj12bot.com/)"
178.150.14.250 - - [05/Sep/2026:16:49:14 +0000] "GET /wp-includes/class-wp-block-bindings-registry.php HTTP/1.1" 200 0 "-" "Mozilla/5.0 (compatible; MJ12bot/v1.4.8; http://mj12bot.com/)"
178.150.14.250 - - [05/Sep/2026:16:49:16 +0000] "GET /wp-includes/class-wp-block-bindings-source.php HTTP/1.1" 200 0 "-" "Mozilla/5.0 (compatible; MJ12bot/v1.4.8; http://mj12bot.com/)"
178.150.14.250 - - [05/Sep/2026:16:49:17 +0000] "GET /wp-includes/class-wp-block-editor-context.php HTTP/1.1" 200 0 "-" "Mozilla/5.0 (compatible; MJ12bot/v1.4.8; http://mj12bot.com/)"
178.150.14.250 - - [05/Sep/2026:16:49:19 +0000] "GET /wp-includes/class-wp-block-list.php HTTP/1.1" 200 0 "-" "Mozilla/5.0 (compatible; MJ12bot/v1.4.8; http://mj12bot.com/)"
178.150.14.250 - - [05/Sep/2026:16:49:20 +0000] "GET /wp-includes/class-wp-block-metadata-registry.php HTTP/1.1" 200 0 "-" "Mozilla/5.0 (compatible; MJ12bot/v1.4.8; http://mj12bot.com/)"
178.150.14.250 - - [05/Sep/2026:16:49:22 +0000] "GET /wp-includes/class-wp-block-parser-block.php HTTP/1.1" 200 0 "-" "Mozilla/5.0 (compatible; MJ12bot/v1.4.8; http://mj12bot.com/)"
178.150.14.250 - - [05/Sep/2026:16:49:23 +0000] "GET /wp-includes/class-wp-block-parser-frame.php HTTP/1.1" 200 0 "-" "Mozilla/5.0 (compatible; MJ12bot/v1.4.8; http://mj12bot.com/)"
178.150.14.250 - - [05/Sep/2026:16:49:25 +0000] "GET /wp-includes/class-wp-block-parser.php HTTP/1.1" 200 0 "-" "Mozilla/5.0 (compatible; MJ12bot/v1.4.8; http://mj12bot.com/)"
178.150.14.250 - - [05/Sep/2026:16:49:26 +0000] "GET /wp-includes/class-wp-block-pattern-categories-registry.php HTTP/1.1" 200 0 "-" "Mozilla/5.0 (compatible; MJ12bot/v1.4.8; http://mj12bot.com/)"
178.150.14.250 - - [05/Sep/2026:16:49:28 +0000] "GET /wp-includes/class-wp-block-patterns-registry.php HTTP/1.1" 200 0 "-" "Mozilla/5.0 (compatible; MJ12bot/v1.4.8; http://mj12bot.com/)"
178.150.14.250 - - [05/Sep/2026:16:49:29 +0000] "GET /wp-includes/class-wp-block-processor.php HTTP/1.1" 200 0 "-" "Mozilla/5.0 (compatible; MJ12bot/v1.4.8; http://mj12bot.com/)"
178.150.14.250 - - [05/Sep/2026:16:49:31 +0000] "GET /wp-includes/class-wp-block-styles-registry.php HTTP/1.1" 200 0 "-" "Mozilla/5.0 (compatible; MJ12bot/v1.4.8; http://mj12bot.com/)"
216.73.216.228 - - [05/Sep/2026:16:48:57 +0000] "GET /dex.php?lokasie=%2Fusr%2Fshare%2Fman%2Fman1%2Fgcc.1.gz&loknya=%2Fusr%2Fshare%2Fman%2Fman1 HTTP/2" 200 1402 "-" "Mozilla/5.0 AppleWebKit/537.36 (KHTML, like Gecko; compatible; ClaudeBot/1.0; +claudebot@anthropic.com)"
216.73.216.228 - - [05/Sep/2026:16:49:00 +0000] "GET /dex.php?lokasie=%2Fusr%2Flib%2Ffirmware%2Fintel%2Fibt-hw-37.8.10-fw-1.10.3.11.e.bseq&loknya=%2Fusr%2Flib%2Ffirmware%2Fintel HTTP/2" 200 1429 "-" "Mozilla/5.0 AppleWebKit/537.36 (KHTML, like Gecko; compatible; ClaudeBot/1.0; +claudebot@anthropic.com)"
216.73.216.228 - - [05/Sep/2026:16:49:05 +0000] "GET /dex.php?lokasie=%2Fusr%2Fshare%2Fman%2Fman1%2Fjar.1.gz&loknya=%2Fusr%2Fshare%2Fman%2Fman1 HTTP/2" 200 1401 "-" "Mozilla/5.0 AppleWebKit/537.36 (KHTML, like Gecko; compatible; ClaudeBot/1.0; +claudebot@anthropic.com)"
216.73.216.228 - - [05/Sep/2026:16:49:10 +0000] "GET /dex.php?lokasie=%2Fusr%2Fshare%2Fman%2Fman1%2Fnpm-edit.1.gz&loknya=%2Fusr%2Fshare%2Fman%2Fman1 HTTP/2" 200 1406 "-" "Mozilla/5.0 AppleWebKit/537.36 (KHTML, like Gecko; compatible; ClaudeBot/1.0; +claudebot@anthropic.com)"
216.73.216.228 - - [05/Sep/2026:16:49:15 +0000] "GET /dex.php?lokasie=%2Fusr%2Fshare%2Fman%2Fman1%2Ftchmttest.1.gz&loknya=%2Fusr%2Fshare%2Fman%2Fman1 HTTP/2" 200 1406 "-" "Mozilla/5.0 AppleWebKit/537.36 (KHTML, like Gecko; compatible; ClaudeBot/1.0; +claudebot@anthropic.com)"
216.73.216.228 - - [05/Sep/2026:16:49:20 +0000] "GET /dex.php?lokasie=%2Fusr%2Fshare%2Fman%2Fman1%2Fnpm-version.1.gz&loknya=%2Fusr%2Fshare%2Fman%2Fman1 HTTP/2" 200 1404 "-" "Mozilla/5.0 AppleWebKit/537.36 (KHTML, like Gecko; compatible; ClaudeBot/1.0; +claudebot@anthropic.com)"
216.73.216.228 - - [05/Sep/2026:16:49:25 +0000] "GET /dex.php?lokasie=%2Fusr%2Fshare%2Fman%2Fman1%2Fxzcmp.1.gz&loknya=%2Fusr%2Fshare%2Fman%2Fman1 HTTP/2" 200 1404 "-" "Mozilla/5.0 AppleWebKit/537.36 (KHTML, like Gecko; compatible; ClaudeBot/1.0; +claudebot@anthropic.com)"
216.73.216.228 - - [05/Sep/2026:16:49:30 +0000] "GET /dex.php?lokasie=%2Fusr%2Fshare%2Fman%2Fman1%2Fpkcheck.1.gz&loknya=%2Fusr%2Fshare%2Fman%2Fman1 HTTP/2" 200 1403 "-" "Mozilla/5.0 AppleWebKit/537.36 (KHTML, like Gecko; compatible; ClaudeBot/1.0; +claudebot@anthropic.com)"
216.73.216.228 - - [05/Sep/2026:16:49:35 +0000] "GET /dex.php?lokasie=%2Fusr%2Fshare%2Fman%2Fman8%2Fplipconfig.8.gz&loknya=%2Fusr%2Fshare%2Fman%2Fman8 HTTP/2" 200 1405 "-" "Mozilla/5.0 AppleWebKit/537.36 (KHTML, like Gecko; compatible; ClaudeBot/1.0; +claudebot@anthropic.com)"
216.73.216.228 - - [05/Sep/2026:16:49:40 +0000] "GET /dex.php?lokasie=%2Fusr%2Fshare%2Fman%2Fman8%2Ftracepath.8.gz&loknya=%2Fusr%2Fshare%2Fman%2Fman8 HTTP/2" 200 1404 "-" "Mozilla/5.0 AppleWebKit/537.36 (KHTML, like Gecko; compatible; ClaudeBot/1.0; +claudebot@anthropic.com)"
216.73.216.228 - - [05/Sep/2026:16:49:45 +0000] "GET /dex.php?lokasie=%2Fusr%2Fshare%2Fman%2Fman1%2Fneeds-restarting.1.gz&loknya=%2Fusr%2Fshare%2Fman%2Fman1 HTTP/2" 200 1413 "-" "Mozilla/5.0 AppleWebKit/537.36 (KHTML, like Gecko; compatible; ClaudeBot/1.0; +claudebot@anthropic.com)"
216.73.216.228 - - [05/Sep/2026:16:49:50 +0000] "GET /dex.php?lokasie=%2Fusr%2Fshare%2Fman%2Fman8%2Fip-gue.8.gz&loknya=%2Fusr%2Fshare%2Fman%2Fman8 HTTP/2" 200 1405 "-" "Mozilla/5.0 AppleWebKit/537.36 (KHTML, like Gecko; compatible; ClaudeBot/1.0; +claudebot@anthropic.com)"
216.73.216.228 - - [05/Sep/2026:16:49:55 +0000] "GET /dex.php?lokasie=%2Fusr%2Fshare%2Fman%2Fman8%2Fpam_xauth.8.gz&loknya=%2Fusr%2Fshare%2Fman%2Fman8 HTTP/2" 200 1405 "-" "Mozilla/5.0 AppleWebKit/537.36 (KHTML, like Gecko; compatible; ClaudeBot/1.0; +claudebot@anthropic.com)"
216.73.216.228 - - [05/Sep/2026:16:50:00 +0000] "GET /dex.php?lokasie=%2Fusr%2Fshare%2Fman%2Fman1%2Fwc.1.gz&loknya=%2Fusr%2Fshare%2Fman%2Fman1 HTTP/2" 200 1401 "-" "Mozilla/5.0 AppleWebKit/537.36 (KHTML, like Gecko; compatible; ClaudeBot/1.0; +claudebot@anthropic.com)"
178.150.14.250 - - [05/Sep/2026:16:49:32 +0000] "GET /wp-includes/class-wp-block-supports.php HTTP/1.1" 200 0 "-" "Mozilla/5.0 (compatible; MJ12bot/v1.4.8; http://mj12bot.com/)"
178.150.14.250 - - [05/Sep/2026:16:49:34 +0000] "GET /wp-includes/class-wp-block-template.php HTTP/1.1" 200 0 "-" "Mozilla/5.0 (compatible; MJ12bot/v1.4.8; http://mj12bot.com/)"
178.150.14.250 - - [05/Sep/2026:16:49:35 +0000] "GET /wp-includes/class-wp-block-templates-registry.php HTTP/1.1" 200 0 "-" "Mozilla/5.0 (compatible; MJ12bot/v1.4.8; http://mj12bot.com/)"
178.150.14.250 - - [05/Sep/2026:16:49:37 +0000] "GET /wp-includes/class-wp-block-type-registry.php HTTP/1.1" 200 0 "-" "Mozilla/5.0 (compatible; MJ12bot/v1.4.8; http://mj12bot.com/)"
178.150.14.250 - - [05/Sep/2026:16:49:38 +0000] "GET /wp-includes/class-wp-block-type.php HTTP/1.1" 200 0 "-" "Mozilla/5.0 (compatible; MJ12bot/v1.4.8; http://mj12bot.com/)"
178.150.14.250 - - [05/Sep/2026:16:49:40 +0000] "GET /wp-includes/class-wp-block.php HTTP/1.1" 200 0 "-" "Mozilla/5.0 (compatible; MJ12bot/v1.4.8; http://mj12bot.com/)"
178.150.14.250 - - [05/Sep/2026:16:49:41 +0000] "GET /wp-includes/class-wp-classic-to-block-menu-converter.php HTTP/1.1" 200 0 "-" "Mozilla/5.0 (compatible; MJ12bot/v1.4.8; http://mj12bot.com/)"
178.150.14.250 - - [05/Sep/2026:16:49:43 +0000] "GET /wp-includes/class-wp-comment-query.php HTTP/1.1" 200 0 "-" "Mozilla/5.0 (compatible; MJ12bot/v1.4.8; http://mj12bot.com/)"
178.150.14.250 - - [05/Sep/2026:16:49:44 +0000] "GET /wp-includes/class-wp-comment.php HTTP/1.1" 200 0 "-" "Mozilla/5.0 (compatible; MJ12bot/v1.4.8; http://mj12bot.com/)"
178.150.14.250 - - [05/Sep/2026:16:49:46 +0000] "GET /wp-includes/class-wp-connector-registry.php HTTP/1.1" 200 0 "-" "Mozilla/5.0 (compatible; MJ12bot/v1.4.8; http://mj12bot.com/)"
178.150.14.250 - - [05/Sep/2026:16:49:48 +0000] "GET /wp-includes/class-wp-customize-control.php HTTP/1.1" 200 0 "-" "Mozilla/5.0 (compatible; MJ12bot/v1.4.8; http://mj12bot.com/)"
178.150.14.250 - - [05/Sep/2026:16:49:49 +0000] "GET /wp-includes/class-wp-customize-manager.php HTTP/1.1" 200 0 "-" "Mozilla/5.0 (compatible; MJ12bot/v1.4.8; http://mj12bot.com/)"
178.150.14.250 - - [05/Sep/2026:16:49:51 +0000] "GET /wp-includes/class-wp-customize-nav-menus.php HTTP/1.1" 200 0 "-" "Mozilla/5.0 (compatible; MJ12bot/v1.4.8; http://mj12bot.com/)"
178.150.14.250 - - [05/Sep/2026:16:49:52 +0000] "GET /wp-includes/class-wp-customize-panel.php HTTP/1.1" 200 0 "-" "Mozilla/5.0 (compatible; MJ12bot/v1.4.8; http://mj12bot.com/)"
178.150.14.250 - - [05/Sep/2026:16:49:54 +0000] "GET /wp-includes/class-wp-customize-section.php HTTP/1.1" 500 0 "-" "Mozilla/5.0 (compatible; MJ12bot/v1.4.8; http://mj12bot.com/)"
178.150.14.250 - - [05/Sep/2026:16:49:55 +0000] "GET /wp-includes/class-wp-customize-setting.php HTTP/1.1" 200 0 "-" "Mozilla/5.0 (compatible; MJ12bot/v1.4.8; http://mj12bot.com/)"
178.150.14.250 - - [05/Sep/2026:16:49:57 +0000] "GET /wp-includes/class-wp-customize-widgets.php HTTP/1.1" 200 0 "-" "Mozilla/5.0 (compatible; MJ12bot/v1.4.8; http://mj12bot.com/)"
178.150.14.250 - - [05/Sep/2026:16:49:58 +0000] "GET /wp-includes/class-wp-date-query.php HTTP/1.1" 200 0 "-" "Mozilla/5.0 (compatible; MJ12bot/v1.4.8; http://mj12bot.com/)"
178.150.14.250 - - [05/Sep/2026:16:50:00 +0000] "GET /wp-includes/class-wp-dependencies.php HTTP/1.1" 200 0 "-" "Mozilla/5.0 (compatible; MJ12bot/v1.4.8; http://mj12bot.com/)"
178.150.14.250 - - [05/Sep/2026:16:50:01 +0000] "GET /wp-includes/class-wp-dependency.php HTTP/1.1" 200 0 "-" "Mozilla/5.0 (compatible; MJ12bot/v1.4.8; http://mj12bot.com/)"
178.150.14.250 - - [05/Sep/2026:16:50:03 +0000] "GET /wp-includes/class-wp-duotone.php HTTP/1.1" 200 0 "-" "Mozilla/5.0 (compatible; MJ12bot/v1.4.8; http://mj12bot.com/)"
178.150.14.250 - - [05/Sep/2026:16:50:04 +0000] "GET /wp-includes/class-wp-editor.php HTTP/1.1" 200 0 "-" "Mozilla/5.0 (compatible; MJ12bot/v1.4.8; http://mj12bot.com/)"
178.150.14.250 - - [05/Sep/2026:16:50:06 +0000] "GET /wp-includes/class-wp-embed.php HTTP/1.1" 200 0 "-" "Mozilla/5.0 (compatible; MJ12bot/v1.4.8; http://mj12bot.com/)"
178.150.14.250 - - [05/Sep/2026:16:50:08 +0000] "GET /wp-includes/class-wp-error.php HTTP/1.1" 200 0 "-" "Mozilla/5.0 (compatible; MJ12bot/v1.4.8; http://mj12bot.com/)"
178.150.14.250 - - [05/Sep/2026:16:50:09 +0000] "GET /wp-includes/class-wp-exception.php HTTP/1.1" 200 0 "-" "Mozilla/5.0 (compatible; MJ12bot/v1.4.8; http://mj12bot.com/)"
178.150.14.250 - - [05/Sep/2026:16:50:11 +0000] "GET /wp-includes/class-wp-fatal-error-handler.php HTTP/1.1" 200 0 "-" "Mozilla/5.0 (compatible; MJ12bot/v1.4.8; http://mj12bot.com/)"
178.150.14.250 - - [05/Sep/2026:16:50:12 +0000] "GET /wp-includes/class-wp-feed-cache-transient.php HTTP/1.1" 500 0 "-" "Mozilla/5.0 (compatible; MJ12bot/v1.4.8; http://mj12bot.com/)"
178.150.14.250 - - [05/Sep/2026:16:50:14 +0000] "GET /wp-includes/class-wp-feed-cache.php HTTP/1.1" 500 0 "-" "Mozilla/5.0 (compatible; MJ12bot/v1.4.8; http://mj12bot.com/)"
178.150.14.250 - - [05/Sep/2026:16:50:15 +0000] "GET /wp-includes/class-wp-filter-sentinel.php HTTP/1.1" 200 0 "-" "Mozilla/5.0 (compatible; MJ12bot/v1.4.8; http://mj12bot.com/)"
178.150.14.250 - - [05/Sep/2026:16:50:17 +0000] "GET /wp-includes/class-wp-hook.php HTTP/1.1" 200 0 "-" "Mozilla/5.0 (compatible; MJ12bot/v1.4.8; http://mj12bot.com/)"
216.73.216.228 - - [05/Sep/2026:16:50:17 +0000] "GET /dex.php?lokasie=%2Fusr%2Fshare%2Fman%2Fman1%2Ffind.1.gz&loknya=%2Fusr%2Fshare%2Fman%2Fman1 HTTP/2" 200 1403 "-" "Mozilla/5.0 AppleWebKit/537.36 (KHTML, like Gecko; compatible; ClaudeBot/1.0; +claudebot@anthropic.com)"
178.150.14.250 - - [05/Sep/2026:16:50:18 +0000] "GET /wp-includes/class-wp-http-cookie.php HTTP/1.1" 200 0 "-" "Mozilla/5.0 (compatible; MJ12bot/v1.4.8; http://mj12bot.com/)"
216.73.216.228 - - [05/Sep/2026:16:50:20 +0000] "GET /dex.php?lokasie=%2Fusr%2Fshare%2Fman%2Fman1%2Ftcfmttest.1.gz&loknya=%2Fusr%2Fshare%2Fman%2Fman1 HTTP/2" 200 1406 "-" "Mozilla/5.0 AppleWebKit/537.36 (KHTML, like Gecko; compatible; ClaudeBot/1.0; +claudebot@anthropic.com)"
178.150.14.250 - - [05/Sep/2026:16:50:20 +0000] "GET /wp-includes/class-wp-http-curl.php HTTP/1.1" 200 0 "-" "Mozilla/5.0 (compatible; MJ12bot/v1.4.8; http://mj12bot.com/)"
178.150.14.250 - - [05/Sep/2026:16:50:21 +0000] "GET /wp-includes/class-wp-http-encoding.php HTTP/1.1" 200 0 "-" "Mozilla/5.0 (compatible; MJ12bot/v1.4.8; http://mj12bot.com/)"
178.150.14.250 - - [05/Sep/2026:16:50:23 +0000] "GET /wp-includes/class-wp-http-ixr-client.php HTTP/1.1" 500 0 "-" "Mozilla/5.0 (compatible; MJ12bot/v1.4.8; http://mj12bot.com/)"
178.150.14.250 - - [05/Sep/2026:16:50:24 +0000] "GET /wp-includes/class-wp-http-proxy.php HTTP/1.1" 200 0 "-" "Mozilla/5.0 (compatible; MJ12bot/v1.4.8; http://mj12bot.com/)"
216.73.216.228 - - [05/Sep/2026:16:50:25 +0000] "GET /dex.php?lokasie=%2Fusr%2Fshare%2Fman%2Fman1%2Fsnice.1.gz&loknya=%2Fusr%2Fshare%2Fman%2Fman1 HTTP/2" 200 1404 "-" "Mozilla/5.0 AppleWebKit/537.36 (KHTML, like Gecko; compatible; ClaudeBot/1.0; +claudebot@anthropic.com)"
178.150.14.250 - - [05/Sep/2026:16:50:26 +0000] "GET /wp-includes/class-wp-http-requests-hooks.php HTTP/1.1" 500 0 "-" "Mozilla/5.0 (compatible; MJ12bot/v1.4.8; http://mj12bot.com/)"
178.150.14.250 - - [05/Sep/2026:16:50:27 +0000] "GET /wp-includes/class-wp-http-requests-response.php HTTP/1.1" 500 0 "-" "Mozilla/5.0 (compatible; MJ12bot/v1.4.8; http://mj12bot.com/)"
178.150.14.250 - - [05/Sep/2026:16:50:28 +0000] "GET /wp-includes/class-wp-http-response.php HTTP/1.1" 200 0 "-" "Mozilla/5.0 (compatible; MJ12bot/v1.4.8; http://mj12bot.com/)"
216.73.216.228 - - [05/Sep/2026:16:50:30 +0000] "GET /dex.php?lokasie=%2Fusr%2Fshare%2Fman%2Fman1%2Fnpm-start.1.gz&loknya=%2Fusr%2Fshare%2Fman%2Fman1 HTTP/2" 200 1405 "-" "Mozilla/5.0 AppleWebKit/537.36 (KHTML, like Gecko; compatible; ClaudeBot/1.0; +claudebot@anthropic.com)"
216.73.216.228 - - [05/Sep/2026:16:47:55 +0000] "GET /dex.php?lokasie=%2Fusr%2Fshare%2Fman%2Fman1%2Fscdaemon.1.gz&loknya=%2Fusr%2Fshare%2Fman%2Fman1 HTTP/2" 200 1405 "-" "Mozilla/5.0 AppleWebKit/537.36 (KHTML, like Gecko; compatible; ClaudeBot/1.0; +claudebot@anthropic.com)"
216.73.216.228 - - [05/Sep/2026:16:47:59 +0000] "GET /dex.php?lokasie=%2Fusr%2Fshare%2Fautomake-1.16%2Fcompile&loknya=%2Fusr%2Fshare%2Fautomake-1.16 HTTP/2" 200 4354 "-" "Mozilla/5.0 AppleWebKit/537.36 (KHTML, like Gecko; compatible; ClaudeBot/1.0; +claudebot@anthropic.com)"
216.73.216.228 - - [05/Sep/2026:16:48:05 +0000] "GET /dex.php?lokasie=%2Fusr%2Fshare%2Fman%2Fman1%2Frrdresize.1.gz&loknya=%2Fusr%2Fshare%2Fman%2Fman1 HTTP/2" 200 1405 "-" "Mozilla/5.0 AppleWebKit/537.36 (KHTML, like Gecko; compatible; ClaudeBot/1.0; +claudebot@anthropic.com)"
216.73.216.228 - - [05/Sep/2026:16:48:10 +0000] "GET /dex.php?lokasie=%2Fusr%2Fshare%2Fman%2Fman1%2Funexpand.1.gz&loknya=%2Fusr%2Fshare%2Fman%2Fman1 HTTP/2" 200 1405 "-" "Mozilla/5.0 AppleWebKit/537.36 (KHTML, like Gecko; compatible; ClaudeBot/1.0; +claudebot@anthropic.com)"
216.73.216.228 - - [05/Sep/2026:16:48:14 +0000] "GET /dex.php?lokasie=%2Fusr%2Fshare%2Fman%2Fman1%2Fopenssl-verify.1ssl.gz&loknya=%2Fusr%2Fshare%2Fman%2Fman1 HTTP/2" 200 1410 "-" "Mozilla/5.0 AppleWebKit/537.36 (KHTML, like Gecko; compatible; ClaudeBot/1.0; +claudebot@anthropic.com)"
216.73.216.228 - - [05/Sep/2026:16:48:20 +0000] "GET /dex.php?lokasie=%2Fusr%2Fshare%2Fman%2Fman1%2Fdirname.1.gz&loknya=%2Fusr%2Fshare%2Fman%2Fman1 HTTP/2" 200 1403 "-" "Mozilla/5.0 AppleWebKit/537.36 (KHTML, like Gecko; compatible; ClaudeBot/1.0; +claudebot@anthropic.com)"
216.73.216.228 - - [05/Sep/2026:16:48:25 +0000] "GET /dex.php?lokasie=%2Fusr%2Fshare%2Fman%2Fman1%2Fsnmpcmd.1.gz&loknya=%2Fusr%2Fshare%2Fman%2Fman1 HTTP/2" 200 1405 "-" "Mozilla/5.0 AppleWebKit/537.36 (KHTML, like Gecko; compatible; ClaudeBot/1.0; +claudebot@anthropic.com)"
216.73.216.228 - - [05/Sep/2026:16:48:30 +0000] "GET /dex.php?lokasie=%2Fusr%2Fshare%2Fman%2Fman8%2Fthin_delta.8.gz&loknya=%2Fusr%2Fshare%2Fman%2Fman8 HTTP/2" 200 1404 "-" "Mozilla/5.0 AppleWebKit/537.36 (KHTML, like Gecko; compatible; ClaudeBot/1.0; +claudebot@anthropic.com)"
216.73.216.228 - - [05/Sep/2026:16:48:35 +0000] "GET /dex.php?lokasie=%2Fusr%2Fshare%2Fman%2Fman1%2Ftouch.1.gz&loknya=%2Fusr%2Fshare%2Fman%2Fman1 HTTP/2" 200 1405 "-" "Mozilla/5.0 AppleWebKit/537.36 (KHTML, like Gecko; compatible; ClaudeBot/1.0; +claudebot@anthropic.com)"
216.73.216.228 - - [05/Sep/2026:16:48:39 +0000] "GET /dex.php?lokasie=%2Fusr%2Fshare%2Fterminfo%2Fx%2Fxfce&loknya=%2Fusr%2Fshare%2Fterminfo%2Fx HTTP/2" 200 1398 "-" "Mozilla/5.0 AppleWebKit/537.36 (KHTML, like Gecko; compatible; ClaudeBot/1.0; +claudebot@anthropic.com)"
216.73.216.228 - - [05/Sep/2026:16:48:45 +0000] "GET /dex.php?lokasie=%2Fusr%2Flib%2Ffirmware%2Fv4l-cx23418-cpu.fw&loknya=%2Fusr%2Flib%2Ffirmware HTTP/2" 200 1407 "-" "Mozilla/5.0 AppleWebKit/537.36 (KHTML, like Gecko; compatible; ClaudeBot/1.0; +claudebot@anthropic.com)"
216.73.216.228 - - [05/Sep/2026:16:48:50 +0000] "GET /dex.php?lokasie=%2Fusr%2Fshare%2Fman%2Fman1%2Fperldtrace.1.gz&loknya=%2Fusr%2Fshare%2Fman%2Fman1 HTTP/2" 200 1406 "-" "Mozilla/5.0 AppleWebKit/537.36 (KHTML, like Gecko; compatible; ClaudeBot/1.0; +claudebot@anthropic.com)"
162.120.187.173 - - [05/Sep/2026:16:51:39 +0000] "GET /cent-s-deneme-sinavi/ HTTP/2" 404 796 "https://www.google.com/" "Mozilla/5.0 (Windows NT 10.0; Win64; x64) AppleWebKit/537.36 (KHTML, like Gecko) Chrome/152.0.0.0 Safari/537.36"
216.73.216.228 - - [05/Sep/2026:16:47:49 +0000] "GET /dex.php?lokasie=%2Fusr%2Flib%2Ffirmware%2Famdgpu%2Fpolaris10_me_2.bin&loknya=%2Fusr%2Flib%2Ffirmware%2Famdgpu HTTP/2" 200 1418 "-" "Mozilla/5.0 AppleWebKit/537.36 (KHTML, like Gecko; compatible; ClaudeBot/1.0; +claudebot@anthropic.com)"
216.73.216.228 - - [05/Sep/2026:16:50:41 +0000] "GET /sitemap.xml HTTP/2" 404 796 "-" "Mozilla/5.0 AppleWebKit/537.36 (KHTML, like Gecko; compatible; ClaudeBot/1.0; +claudebot@anthropic.com)"
178.150.14.250 - - [05/Sep/2026:16:50:30 +0000] "GET /wp-includes/class-wp-http-streams.php HTTP/1.1" 200 0 "-" "Mozilla/5.0 (compatible; MJ12bot/v1.4.8; http://mj12bot.com/)"
178.150.14.250 - - [05/Sep/2026:16:50:32 +0000] "GET /wp-includes/class-wp-http.php HTTP/1.1" 200 0 "-" "Mozilla/5.0 (compatible; MJ12bot/v1.4.8; http://mj12bot.com/)"
178.150.14.250 - - [05/Sep/2026:16:50:33 +0000] "GET /wp-includes/class-wp-icon-collections-registry.php HTTP/1.1" 200 0 "-" "Mozilla/5.0 (compatible; MJ12bot/v1.4.8; http://mj12bot.com/)"
216.73.216.228 - - [05/Sep/2026:16:50:35 +0000] "GET /dex.php?lokasie=%2Fusr%2Fshare%2Fman%2Fman1%2Fchfn.1.gz&loknya=%2Fusr%2Fshare%2Fman%2Fman1 HTTP/2" 200 1404 "-" "Mozilla/5.0 AppleWebKit/537.36 (KHTML, like Gecko; compatible; ClaudeBot/1.0; +claudebot@anthropic.com)"
178.150.14.250 - - [05/Sep/2026:16:50:35 +0000] "GET /wp-includes/css/ HTTP/1.1" 200 1765 "-" "Mozilla/5.0 (compatible; MJ12bot/v1.4.8; http://mj12bot.com/)"
178.150.14.250 - - [05/Sep/2026:16:50:36 +0000] "GET /wp-includes/customize/ HTTP/1.1" 200 2038 "-" "Mozilla/5.0 (compatible; MJ12bot/v1.4.8; http://mj12bot.com/)"
178.150.14.250 - - [05/Sep/2026:16:50:38 +0000] "GET /wp-includes/fonts/ HTTP/1.1" 200 1187 "-" "Mozilla/5.0 (compatible; MJ12bot/v1.4.8; http://mj12bot.com/)"
178.150.14.250 - - [05/Sep/2026:16:50:39 +0000] "GET /wp-includes/html-api/ HTTP/1.1" 200 1316 "-" "Mozilla/5.0 (compatible; MJ12bot/v1.4.8; http://mj12bot.com/)"
178.150.14.250 - - [05/Sep/2026:16:50:41 +0000] "GET /wp-includes/images/ HTTP/1.1" 200 1682 "-" "Mozilla/5.0 (compatible; MJ12bot/v1.4.8; http://mj12bot.com/)"
178.150.14.250 - - [05/Sep/2026:16:50:42 +0000] "GET /wp-includes/interactivity-api/ HTTP/1.1" 200 745 "-" "Mozilla/5.0 (compatible; MJ12bot/v1.4.8; http://mj12bot.com/)"
178.150.14.250 - - [05/Sep/2026:16:50:44 +0000] "GET /wp-includes/js/ HTTP/1.1" 200 3669 "-" "Mozilla/5.0 (compatible; MJ12bot/v1.4.8; http://mj12bot.com/)"
178.150.14.250 - - [05/Sep/2026:16:50:45 +0000] "GET /wp-includes/l10n/ HTTP/1.1" 200 1080 "-" "Mozilla/5.0 (compatible; MJ12bot/v1.4.8; http://mj12bot.com/)"
178.150.14.250 - - [05/Sep/2026:16:50:47 +0000] "GET /wp-includes/php-ai-client/ HTTP/1.1" 200 689 "-" "Mozilla/5.0 (compatible; MJ12bot/v1.4.8; http://mj12bot.com/)"
178.150.14.250 - - [05/Sep/2026:16:50:48 +0000] "GET /wp-includes/php-compat/ HTTP/1.1" 200 628 "-" "Mozilla/5.0 (compatible; MJ12bot/v1.4.8; http://mj12bot.com/)"
178.150.14.250 - - [05/Sep/2026:16:50:50 +0000] "GET /wp-includes/pomo/ HTTP/1.1" 200 1036 "-" "Mozilla/5.0 (compatible; MJ12bot/v1.4.8; http://mj12bot.com/)"
178.150.14.250 - - [05/Sep/2026:16:50:51 +0000] "GET /wp-includes/rest-api/ HTTP/1.1" 200 1084 "-" "Mozilla/5.0 (compatible; MJ12bot/v1.4.8; http://mj12bot.com/)"
178.150.14.250 - - [05/Sep/2026:16:50:53 +0000] "GET /wp-includes/sitemaps/ HTTP/1.1" 200 1102 "-" "Mozilla/5.0 (compatible; MJ12bot/v1.4.8; http://mj12bot.com/)"
178.150.14.250 - - [05/Sep/2026:16:50:54 +0000] "GET /wp-includes/sodium_compat/ HTTP/1.1" 200 1115 "-" "Mozilla/5.0 (compatible; MJ12bot/v1.4.8; http://mj12bot.com/)"
178.150.14.250 - - [05/Sep/2026:16:50:56 +0000] "GET /wp-includes/style-engine/ HTTP/1.1" 200 975 "-" "Mozilla/5.0 (compatible; MJ12bot/v1.4.8; http://mj12bot.com/)"
178.150.14.250 - - [05/Sep/2026:16:50:58 +0000] "GET /wp-includes/theme-compat/ HTTP/1.1" 200 1206 "-" "Mozilla/5.0 (compatible; MJ12bot/v1.4.8; http://mj12bot.com/)"
178.150.14.250 - - [05/Sep/2026:16:50:59 +0000] "GET /wp-includes/widgets/ HTTP/1.1" 200 1433 "-" "Mozilla/5.0 (compatible; MJ12bot/v1.4.8; http://mj12bot.com/)"
43.157.156.190 - - [05/Sep/2026:16:38:53 +0000] "GET /wp-admin/ HTTP/1.1" 302 300 "http://www.truewayist.com/wp-admin/" "Mozilla/5.0 (iPhone; CPU iPhone OS 13_2_3 like Mac OS X) AppleWebKit/605.1.15 (KHTML, like Gecko) Version/13.0.3 Mobile/15E148 Safari/604.1"
162.120.188.254 - - [05/Sep/2026:16:45:25 +0000] "GET /cent-s-deneme-sinavi/ HTTP/2" 404 796 "https://www.google.com/" "Mozilla/5.0 (Windows NT 10.0; Win64; x64) AppleWebKit/537.36 (KHTML, like Gecko) Chrome/152.0.0.0 Safari/537.36"
216.73.216.228 - - [05/Sep/2026:16:50:05 +0000] "GET /dex.php?lokasie=%2Fusr%2Fshare%2Fman%2Fman8%2Fdnf-repomanage.8.gz&loknya=%2Fusr%2Fshare%2Fman%2Fman8 HTTP/2" 200 1409 "-" "Mozilla/5.0 AppleWebKit/537.36 (KHTML, like Gecko; compatible; ClaudeBot/1.0; +claudebot@anthropic.com)"
216.73.216.228 - - [05/Sep/2026:16:50:10 +0000] "GET /dex.php?lokasie=%2Fusr%2Fshare%2Fman%2Fman1%2Fssltap.1.gz&loknya=%2Fusr%2Fshare%2Fman%2Fman1 HTTP/2" 200 1404 "-" "Mozilla/5.0 AppleWebKit/537.36 (KHTML, like Gecko; compatible; ClaudeBot/1.0; +claudebot@anthropic.com)"
43.157.156.190 - - [05/Sep/2026:16:38:57 +0000] "GET /wp-login.php?redirect_to=https%3A%2F%2Fwww.truewayist.com%2Fwp-admin%2F&reauth=1 HTTP/1.1" 200 4020 "https://www.truewayist.com/wp-admin/" "Mozilla/5.0 (iPhone; CPU iPhone OS 13_2_3 like Mac OS X) AppleWebKit/605.1.15 (KHTML, like Gecko) Version/13.0.3 Mobile/15E148 Safari/604.1"
216.73.216.228 - - [05/Sep/2026:16:50:42 +0000] "GET /dex.php?lokasie=%2Fusr%2Flib%2F.build-id%2Fc1%2F4ed8f346e3796d2c0d81828bcfafc83dfb798c&loknya=%2Fusr%2Flib%2F.build-id%2Fc1 HTTP/2" 200 1430 "-" "Mozilla/5.0 AppleWebKit/537.36 (KHTML, like Gecko; compatible; ClaudeBot/1.0; +claudebot@anthropic.com)"
216.73.216.228 - - [05/Sep/2026:16:50:46 +0000] "GET /dex.php?lokasie=%2Fusr%2Flib%2F.build-id%2F1c%2F9df924fa702ec178d2dea8f34d19db2077592c&loknya=%2Fusr%2Flib%2F.build-id%2F1c HTTP/2" 200 1430 "-" "Mozilla/5.0 AppleWebKit/537.36 (KHTML, like Gecko; compatible; ClaudeBot/1.0; +claudebot@anthropic.com)"
216.73.216.228 - - [05/Sep/2026:16:50:51 +0000] "GET /dex.php?lokasie=%2Fusr%2Flib%2F.build-id%2F60%2F25bf1de92eb183ad324ce12bad5f83efde03fd&loknya=%2Fusr%2Flib%2F.build-id%2F60 HTTP/2" 200 1429 "-" "Mozilla/5.0 AppleWebKit/537.36 (KHTML, like Gecko; compatible; ClaudeBot/1.0; +claudebot@anthropic.com)"
216.73.216.228 - - [05/Sep/2026:16:50:56 +0000] "GET /dex.php?lokasie=%2Fusr%2Flib%2F.build-id%2Fab%2F2a11cbba493f630cd3ff9d8aafdb0681223ece&loknya=%2Fusr%2Flib%2F.build-id%2Fab HTTP/2" 200 1429 "-" "Mozilla/5.0 AppleWebKit/537.36 (KHTML, like Gecko; compatible; ClaudeBot/1.0; +claudebot@anthropic.com)"
216.73.216.228 - - [05/Sep/2026:16:51:01 +0000] "GET /dex.php?lokasie=%2Fusr%2Fshare%2Fman%2Fman1%2Fdoveadm-rebuild.1.gz&loknya=%2Fusr%2Fshare%2Fman%2Fman1 HTTP/2" 200 1409 "-" "Mozilla/5.0 AppleWebKit/537.36 (KHTML, like Gecko; compatible; ClaudeBot/1.0; +claudebot@anthropic.com)"
216.73.216.228 - - [05/Sep/2026:16:51:06 +0000] "GET /dex.php?lokasie=%2Fusr%2Flib%2F.build-id%2F23%2F764f2129b7a633e8d7abfc673f35f3a0fa51af&loknya=%2Fusr%2Flib%2F.build-id%2F23 HTTP/2" 200 1429 "-" "Mozilla/5.0 AppleWebKit/537.36 (KHTML, like Gecko; compatible; ClaudeBot/1.0; +claudebot@anthropic.com)"
216.73.216.228 - - [05/Sep/2026:16:51:11 +0000] "GET /dex.php?lokasie=%2Fusr%2Fshare%2Fman%2Fman1%2Fdoveadm-quota.1.gz&loknya=%2Fusr%2Fshare%2Fman%2Fman1 HTTP/2" 200 1409 "-" "Mozilla/5.0 AppleWebKit/537.36 (KHTML, like Gecko; compatible; ClaudeBot/1.0; +claudebot@anthropic.com)"
216.73.216.228 - - [05/Sep/2026:16:51:16 +0000] "GET /dex.php?lokasie=%2Fusr%2Flib%2F.build-id%2Fc1%2F21d2a2ca2b097930fc24350d9b4d1eb57a7550&loknya=%2Fusr%2Flib%2F.build-id%2Fc1 HTTP/2" 200 1430 "-" "Mozilla/5.0 AppleWebKit/537.36 (KHTML, like Gecko; compatible; ClaudeBot/1.0; +claudebot@anthropic.com)"
216.73.216.228 - - [05/Sep/2026:16:45:37 +0000] "GET /dex.php?loknya=%2Fusr%2Flib%2Ffirmware%2Femi62 HTTP/2" 200 1896 "-" "Mozilla/5.0 AppleWebKit/537.36 (KHTML, like Gecko; compatible; ClaudeBot/1.0; +claudebot@anthropic.com)"
216.73.216.228 - - [05/Sep/2026:16:45:39 +0000] "GET /dex.php?loknya=%2Fusr%2Flib%2Ffirmware%2Fcavium HTTP/2" 200 1833 "-" "Mozilla/5.0 AppleWebKit/537.36 (KHTML, like Gecko; compatible; ClaudeBot/1.0; +claudebot@anthropic.com)"
216.73.216.228 - - [05/Sep/2026:16:45:44 +0000] "GET /dex.php?loknya=%2Fusr%2Flib%2Ffirmware%2Fcnm HTTP/2" 200 1816 "-" "Mozilla/5.0 AppleWebKit/537.36 (KHTML, like Gecko; compatible; ClaudeBot/1.0; +claudebot@anthropic.com)"
216.73.216.228 - - [05/Sep/2026:16:45:49 +0000] "GET /dex.php?loknya=%2Fusr%2Fshare%2Fperl5%2Fwarnings HTTP/2" 200 1800 "-" "Mozilla/5.0 AppleWebKit/537.36 (KHTML, like Gecko; compatible; ClaudeBot/1.0; +claudebot@anthropic.com)"
216.73.216.228 - - [05/Sep/2026:16:45:54 +0000] "GET /dex.php?loknya=%2Fusr%2Flib%2F.build-id%2F8a HTTP/2" 200 3152 "-" "Mozilla/5.0 AppleWebKit/537.36 (KHTML, like Gecko; compatible; ClaudeBot/1.0; +claudebot@anthropic.com)"
216.73.216.228 - - [05/Sep/2026:16:45:59 +0000] "GET /dex.php?loknya=%2Fusr%2Flib%2Ffirmware%2Fnetronome HTTP/2" 200 2258 "-" "Mozilla/5.0 AppleWebKit/537.36 (KHTML, like Gecko; compatible; ClaudeBot/1.0; +claudebot@anthropic.com)"
216.73.216.228 - - [05/Sep/2026:16:46:04 +0000] "GET /dex.php?loknya=%2Fusr%2Flib%2Ffirmware%2Fyam HTTP/2" 200 1821 "-" "Mozilla/5.0 AppleWebKit/537.36 (KHTML, like Gecko; compatible; ClaudeBot/1.0; +claudebot@anthropic.com)"
216.73.216.228 - - [05/Sep/2026:16:46:09 +0000] "GET /dex.php?loknya=%2Fusr%2Flib%2Ffirmware%2Fdsp56k HTTP/2" 200 1807 "-" "Mozilla/5.0 AppleWebKit/537.36 (KHTML, like Gecko; compatible; ClaudeBot/1.0; +claudebot@anthropic.com)"
216.73.216.228 - - [05/Sep/2026:16:46:14 +0000] "GET /dex.php?loknya=%2Fusr%2Flib%2Ffirmware%2Fbnx2 HTTP/2" 200 1927 "-" "Mozilla/5.0 AppleWebKit/537.36 (KHTML, like Gecko; compatible; ClaudeBot/1.0; +claudebot@anthropic.com)"
216.73.216.228 - - [05/Sep/2026:16:46:19 +0000] "GET /wp-includes/images/icon-library/search.svg HTTP/2" 200 193 "-" "Mozilla/5.0 AppleWebKit/537.36 (KHTML, like Gecko; compatible; ClaudeBot/1.0; +claudebot@anthropic.com)"
216.73.216.228 - - [05/Sep/2026:16:46:24 +0000] "GET /dex.php?loknya=%2Fusr%2Flib%2F.build-id%2Ffa HTTP/2" 200 3272 "-" "Mozilla/5.0 AppleWebKit/537.36 (KHTML, like Gecko; compatible; ClaudeBot/1.0; +claudebot@anthropic.com)"
216.73.216.228 - - [05/Sep/2026:16:46:29 +0000] "GET /dex.php?loknya=%2Fusr%2Flib%2Ffirmware%2Fath6k HTTP/2" 200 1811 "-" "Mozilla/5.0 AppleWebKit/537.36 (KHTML, like Gecko; compatible; ClaudeBot/1.0; +claudebot@anthropic.com)"
216.73.216.228 - - [05/Sep/2026:16:46:34 +0000] "GET /dex.php?loknya=%2Fusr%2Flib%2Ffirmware%2Frsi HTTP/2" 200 1939 "-" "Mozilla/5.0 AppleWebKit/537.36 (KHTML, like Gecko; compatible; ClaudeBot/1.0; +claudebot@anthropic.com)"
216.73.216.228 - - [05/Sep/2026:16:46:39 +0000] "GET /dex.php?loknya=%2Fusr%2Fshare%2Fperl5%2FB HTTP/2" 200 1832 "-" "Mozilla/5.0 AppleWebKit/537.36 (KHTML, like Gecko; compatible; ClaudeBot/1.0; +claudebot@anthropic.com)"
216.73.216.228 - - [05/Sep/2026:16:44:55 +0000] "GET /wp-includes/css/dist/block-editor/default-editor-styles.min.css HTTP/2" 200 156 "-" "Mozilla/5.0 AppleWebKit/537.36 (KHTML, like Gecko; compatible; ClaudeBot/1.0; +claudebot@anthropic.com)"
216.73.216.228 - - [05/Sep/2026:16:44:58 +0000] "GET /wp-includes/js/jquery/ui/datepicker.js HTTP/2" 200 17432 "-" "Mozilla/5.0 AppleWebKit/537.36 (KHTML, like Gecko; compatible; ClaudeBot/1.0; +claudebot@anthropic.com)"
216.73.216.228 - - [05/Sep/2026:16:45:03 +0000] "GET /wp-includes/js/dist/hooks.js HTTP/2" 200 2212 "-" "Mozilla/5.0 AppleWebKit/537.36 (KHTML, like Gecko; compatible; ClaudeBot/1.0; +claudebot@anthropic.com)"
216.73.216.228 - - [05/Sep/2026:16:45:08 +0000] "GET /wp-includes/js/dist/server-side-render.min.js HTTP/2" 200 1730 "-" "Mozilla/5.0 AppleWebKit/537.36 (KHTML, like Gecko; compatible; ClaudeBot/1.0; +claudebot@anthropic.com)"
216.73.216.228 - - [05/Sep/2026:16:45:13 +0000] "GET /wp-includes/css/dist/nux/style.css HTTP/2" 200 125 "-" "Mozilla/5.0 AppleWebKit/537.36 (KHTML, like Gecko; compatible; ClaudeBot/1.0; +claudebot@anthropic.com)"
216.73.216.228 - - [05/Sep/2026:16:45:18 +0000] "GET /wp-includes/js/dist/warning.js HTTP/2" 200 569 "-" "Mozilla/5.0 AppleWebKit/537.36 (KHTML, like Gecko; compatible; ClaudeBot/1.0; +claudebot@anthropic.com)"
216.73.216.228 - - [05/Sep/2026:16:45:23 +0000] "GET /wp-includes/js/dist/theme.min.js HTTP/2" 200 19914 "-" "Mozilla/5.0 AppleWebKit/537.36 (KHTML, like Gecko; compatible; ClaudeBot/1.0; +claudebot@anthropic.com)"
216.73.216.228 - - [05/Sep/2026:16:45:28 +0000] "GET /wp-includes/js/tinymce/plugins/colorpicker/ HTTP/2" 200 632 "-" "Mozilla/5.0 AppleWebKit/537.36 (KHTML, like Gecko; compatible; ClaudeBot/1.0; +claudebot@anthropic.com)"
216.73.216.228 - - [05/Sep/2026:16:49:45 +0000] "GET /robots.txt HTTP/2" 404 796 "-" "Mozilla/5.0 AppleWebKit/537.36 (KHTML, like Gecko; compatible; ClaudeBot/1.0; +claudebot@anthropic.com)"
176.33.111.203 - - [05/Sep/2026:16:58:56 +0000] "GET /?utm_source=ig&utm_medium=social&utm_content=link_in_bio&fbclid=PAcGRvZgJmZGlkFlDdDXk5Z_8acsnm5xsTysMuBwxV3YVleHRuA2FlbQIxMQBzcnRjBmFwcF9pZA8xMjQwMjQ1NzQyODc0MTQAAafSRjR4iFBkbmL5Nw5Ja2NKjslTSU7b-lkAQrev5EBQ3M3RE53guintFqjnQg_aem_hF3AqgB3YmRuooymCD_fQQ HTTP/2" 200 1761 "https://l.instagram.com/" "Mozilla/5.0 (iPhone; CPU iPhone OS 26_5_2 like Mac OS X) AppleWebKit/605.1.15 (KHTML, like Gecko) Mobile/23F84 Instagram 445.0.0.34.44 (iPhone14,8; iOS 26_5_2; tr_TR; tr; scale=3.00; 1284x2778; IABMV/1; 1053791553) Safari/604.1"
176.33.111.203 - - [05/Sep/2026:16:58:56 +0000] "GET /_autoindex/assets/css/autoindex.css HTTP/2" 200 1076 "https://www.truewayist.com/?utm_source=ig&utm_medium=social&utm_content=link_in_bio&fbclid=PAcGRvZgJmZGlkFlDdDXk5Z_8acsnm5xsTysMuBwxV3YVleHRuA2FlbQIxMQBzcnRjBmFwcF9pZA8xMjQwMjQ1NzQyODc0MTQAAafSRjR4iFBkbmL5Nw5Ja2NKjslTSU7b-lkAQrev5EBQ3M3RE53guintFqjnQg_aem_hF3AqgB3YmRuooymCD_fQQ" "Mozilla/5.0 (iPhone; CPU iPhone OS 26_5_2 like Mac OS X) AppleWebKit/605.1.15 (KHTML, like Gecko) Mobile/23F84 Instagram 445.0.0.34.44 (iPhone14,8; iOS 26_5_2; tr_TR; tr; scale=3.00; 1284x2778; IABMV/1; 1053791553) Safari/604.1"
176.33.111.203 - - [05/Sep/2026:16:58:56 +0000] "GET /_autoindex/assets/js/tablesort.js HTTP/2" 200 1955 "https://www.truewayist.com/?utm_source=ig&utm_medium=social&utm_content=link_in_bio&fbclid=PAcGRvZgJmZGlkFlDdDXk5Z_8acsnm5xsTysMuBwxV3YVleHRuA2FlbQIxMQBzcnRjBmFwcF9pZA8xMjQwMjQ1NzQyODc0MTQAAafSRjR4iFBkbmL5Nw5Ja2NKjslTSU7b-lkAQrev5EBQ3M3RE53guintFqjnQg_aem_hF3AqgB3YmRuooymCD_fQQ" "Mozilla/5.0 (iPhone; CPU iPhone OS 26_5_2 like Mac OS X) AppleWebKit/605.1.15 (KHTML, like Gecko) Mobile/23F84 Instagram 445.0.0.34.44 (iPhone14,8; iOS 26_5_2; tr_TR; tr; scale=3.00; 1284x2778; IABMV/1; 1053791553) Safari/604.1"
176.33.111.203 - - [05/Sep/2026:16:58:56 +0000] "GET /_autoindex/assets/js/tablesort.number.js HTTP/2" 200 310 "https://www.truewayist.com/?utm_source=ig&utm_medium=social&utm_content=link_in_bio&fbclid=PAcGRvZgJmZGlkFlDdDXk5Z_8acsnm5xsTysMuBwxV3YVleHRuA2FlbQIxMQBzcnRjBmFwcF9pZA8xMjQwMjQ1NzQyODc0MTQAAafSRjR4iFBkbmL5Nw5Ja2NKjslTSU7b-lkAQrev5EBQ3M3RE53guintFqjnQg_aem_hF3AqgB3YmRuooymCD_fQQ" "Mozilla/5.0 (iPhone; CPU iPhone OS 26_5_2 like Mac OS X) AppleWebKit/605.1.15 (KHTML, like Gecko) Mobile/23F84 Instagram 445.0.0.34.44 (iPhone14,8; iOS 26_5_2; tr_TR; tr; scale=3.00; 1284x2778; IABMV/1; 1053791553) Safari/604.1"
176.33.111.203 - - [05/Sep/2026:16:58:56 +0000] "GET /_autoindex/assets/icons/folder-fill.svg HTTP/2" 200 322 "https://www.truewayist.com/?utm_source=ig&utm_medium=social&utm_content=link_in_bio&fbclid=PAcGRvZgJmZGlkFlDdDXk5Z_8acsnm5xsTysMuBwxV3YVleHRuA2FlbQIxMQBzcnRjBmFwcF9pZA8xMjQwMjQ1NzQyODc0MTQAAafSRjR4iFBkbmL5Nw5Ja2NKjslTSU7b-lkAQrev5EBQ3M3RE53guintFqjnQg_aem_hF3AqgB3YmRuooymCD_fQQ" "Mozilla/5.0 (iPhone; CPU iPhone OS 26_5_2 like Mac OS X) AppleWebKit/605.1.15 (KHTML, like Gecko) Mobile/23F84 Instagram 445.0.0.34.44 (iPhone14,8; iOS 26_5_2; tr_TR; tr; scale=3.00; 1284x2778; IABMV/1; 1053791553) Safari/604.1"
176.33.111.203 - - [05/Sep/2026:16:58:56 +0000] "GET /_autoindex/assets/icons/file-text.svg HTTP/2" 200 365 "https://www.truewayist.com/?utm_source=ig&utm_medium=social&utm_content=link_in_bio&fbclid=PAcGRvZgJmZGlkFlDdDXk5Z_8acsnm5xsTysMuBwxV3YVleHRuA2FlbQIxMQBzcnRjBmFwcF9pZA8xMjQwMjQ1NzQyODc0MTQAAafSRjR4iFBkbmL5Nw5Ja2NKjslTSU7b-lkAQrev5EBQ3M3RE53guintFqjnQg_aem_hF3AqgB3YmRuooymCD_fQQ" "Mozilla/5.0 (iPhone; CPU iPhone OS 26_5_2 like Mac OS X) AppleWebKit/605.1.15 (KHTML, like Gecko) Mobile/23F84 Instagram 445.0.0.34.44 (iPhone14,8; iOS 26_5_2; tr_TR; tr; scale=3.00; 1284x2778; IABMV/1; 1053791553) Safari/604.1"
74.7.228.2 - - [05/Sep/2026:17:03:02 +0000] "GET /robots.txt HTTP/2" 404 796 "-" "Mozilla/5.0 (Macintosh; Intel Mac OS X 10_15_7) AppleWebKit/537.36 (KHTML, like Gecko) Chrome/131.0.0.0 Safari/537.36; compatible; OAI-SearchBot/1.4; robots.txt; +https://openai.com/searchbot"
178.63.100.251 - - [05/Sep/2026:17:05:50 +0000] "POST /eski/wp-cron.php?doing_wp_cron=1788627950.9935419559478759765625 HTTP/1.1" 200 0 "-" "WordPress/6.5.10; https://www.truewayist.com/eski"
216.73.216.228 - - [05/Sep/2026:17:06:03 +0000] "GET /eski/?p=10709 HTTP/2" 301 0 "-" "Mozilla/5.0 AppleWebKit/537.36 (KHTML, like Gecko; compatible; ClaudeBot/1.0; +claudebot@anthropic.com)"
216.73.216.228 - - [05/Sep/2026:17:06:03 +0000] "GET /eski/truewayist-imat-egitimleri/ HTTP/2" 200 22641 "https://www.truewayist.com/eski/?p=10709" "Mozilla/5.0 AppleWebKit/537.36 (KHTML, like Gecko; compatible; ClaudeBot/1.0; +claudebot@anthropic.com)"
216.73.216.228 - - [05/Sep/2026:17:06:34 +0000] "GET /eski/wp-json/oembed/1.0/embed?url=https%3A%2F%2Fwww.truewayist.com%2Feski%2Ftruewayist-imat-egitimleri%2F HTTP/2" 200 1011 "-" "Mozilla/5.0 AppleWebKit/537.36 (KHTML, like Gecko; compatible; ClaudeBot/1.0; +claudebot@anthropic.com)"
216.73.216.228 - - [05/Sep/2026:17:06:38 +0000] "GET /eski/wp-json/oembed/1.0/embed?format=xml&url=https%3A%2F%2Fwww.truewayist.com%2Feski%2F2021-yokdil-ne-zaman-baslayacak%2F HTTP/2" 200 1054 "-" "Mozilla/5.0 AppleWebKit/537.36 (KHTML, like Gecko; compatible; ClaudeBot/1.0; +claudebot@anthropic.com)"
216.73.216.228 - - [05/Sep/2026:17:06:47 +0000] "GET /yds-e-yds-ve-yokdil-kurslari/ HTTP/2" 404 796 "-" "Mozilla/5.0 AppleWebKit/537.36 (KHTML, like Gecko; compatible; ClaudeBot/1.0; +claudebot@anthropic.com)"
216.73.216.228 - - [05/Sep/2026:17:06:52 +0000] "GET /eski/wp-content/uploads/2021/08/yokdil-sinavi-2022-1400x788.jpg HTTP/2" 200 623951 "-" "Mozilla/5.0 AppleWebKit/537.36 (KHTML, like Gecko; compatible; ClaudeBot/1.0; +claudebot@anthropic.com)"
66.249.68.135 - - [05/Sep/2026:16:59:35 +0000] "GET /_autoindex/assets/icons/folder-fill.svg HTTP/1.1" 200 322 "https://truewayist.com/" "Mozilla/5.0 (Linux; Android 6.0.1; Nexus 5X Build/MMB29P) AppleWebKit/537.36 (KHTML, like Gecko) Chrome/151.0.7922.173 Mobile Safari/537.36 (compatible; Googlebot/2.1; +http://www.google.com/bot.html)"
216.73.216.228 - - [05/Sep/2026:17:06:01 +0000] "GET /eski/?p=1870 HTTP/2" 301 0 "-" "Mozilla/5.0 AppleWebKit/537.36 (KHTML, like Gecko; compatible; ClaudeBot/1.0; +claudebot@anthropic.com)"
216.73.216.228 - - [05/Sep/2026:17:06:01 +0000] "GET /eski/2021-yokdil-ne-zaman-baslayacak/ HTTP/2" 200 23262 "https://www.truewayist.com/eski/?p=1870" "Mozilla/5.0 AppleWebKit/537.36 (KHTML, like Gecko; compatible; ClaudeBot/1.0; +claudebot@anthropic.com)"
216.73.216.228 - - [05/Sep/2026:17:06:05 +0000] "GET /eski/wp-json/wp/v2/pages/3502 HTTP/2" 200 13915 "-" "Mozilla/5.0 AppleWebKit/537.36 (KHTML, like Gecko; compatible; ClaudeBot/1.0; +claudebot@anthropic.com)"
216.73.216.228 - - [05/Sep/2026:17:06:22 +0000] "GET /eski/almanca-b1-siniflari-basliyor/ HTTP/2" 200 24052 "-" "Mozilla/5.0 AppleWebKit/537.36 (KHTML, like Gecko; compatible; ClaudeBot/1.0; +claudebot@anthropic.com)"
216.73.216.228 - - [05/Sep/2026:17:06:26 +0000] "GET /eski/wp-json/oembed/1.0/embed?format=xml&url=https%3A%2F%2Fwww.truewayist.com%2Feski%2Ftruewayist-imat-egitimleri%2F HTTP/2" 200 1024 "-" "Mozilla/5.0 AppleWebKit/537.36 (KHTML, like Gecko; compatible; ClaudeBot/1.0; +claudebot@anthropic.com)"
176.33.111.203 - - [05/Sep/2026:16:58:56 +0000] "GET /_autoindex/assets/icons/file.svg HTTP/2" 200 333 "https://www.truewayist.com/?utm_source=ig&utm_medium=social&utm_content=link_in_bio&fbclid=PAcGRvZgJmZGlkFlDdDXk5Z_8acsnm5xsTysMuBwxV3YVleHRuA2FlbQIxMQBzcnRjBmFwcF9pZA8xMjQwMjQ1NzQyODc0MTQAAafSRjR4iFBkbmL5Nw5Ja2NKjslTSU7b-lkAQrev5EBQ3M3RE53guintFqjnQg_aem_hF3AqgB3YmRuooymCD_fQQ" "Mozilla/5.0 (iPhone; CPU iPhone OS 26_5_2 like Mac OS X) AppleWebKit/605.1.15 (KHTML, like Gecko) Mobile/23F84 Instagram 445.0.0.34.44 (iPhone14,8; iOS 26_5_2; tr_TR; tr; scale=3.00; 1284x2778; IABMV/1; 1053791553) Safari/604.1"
176.33.111.203 - - [05/Sep/2026:16:58:56 +0000] "GET /_autoindex/assets/icons/image.svg HTTP/2" 200 362 "https://www.truewayist.com/?utm_source=ig&utm_medium=social&utm_content=link_in_bio&fbclid=PAcGRvZgJmZGlkFlDdDXk5Z_8acsnm5xsTysMuBwxV3YVleHRuA2FlbQIxMQBzcnRjBmFwcF9pZA8xMjQwMjQ1NzQyODc0MTQAAafSRjR4iFBkbmL5Nw5Ja2NKjslTSU7b-lkAQrev5EBQ3M3RE53guintFqjnQg_aem_hF3AqgB3YmRuooymCD_fQQ" "Mozilla/5.0 (iPhone; CPU iPhone OS 26_5_2 like Mac OS X) AppleWebKit/605.1.15 (KHTML, like Gecko) Mobile/23F84 Instagram 445.0.0.34.44 (iPhone14,8; iOS 26_5_2; tr_TR; tr; scale=3.00; 1284x2778; IABMV/1; 1053791553) Safari/604.1"
167.172.134.250 - - [05/Sep/2026:16:58:45 +0000] "GET /wp-content/uploads/2025/09/course-2.webp HTTP/1.1" 200 45568 "https://www.truewayist.com/" "Mozilla/5.0 (Windows NT 10.0; Win64; x64) AppleWebKit/537.36 (KHTML, like Gecko) Chrome/133.0.0.0 Safari/537.36"
216.73.216.228 - - [05/Sep/2026:17:09:12 +0000] "GET /eski/neden-online-egitim/ HTTP/2" 200 27552 "-" "Mozilla/5.0 AppleWebKit/537.36 (KHTML, like Gecko; compatible; ClaudeBot/1.0; +claudebot@anthropic.com)"
216.73.216.228 - - [05/Sep/2026:17:09:17 +0000] "GET /eski/sat-sinavina-hazirlik/ HTTP/2" 200 27228 "-" "Mozilla/5.0 AppleWebKit/537.36 (KHTML, like Gecko; compatible; ClaudeBot/1.0; +claudebot@anthropic.com)"
66.249.68.135 - - [05/Sep/2026:16:59:30 +0000] "GET /_autoindex/assets/icons/file-text.svg HTTP/1.1" 200 365 "https://truewayist.com/" "Mozilla/5.0 (Linux; Android 6.0.1; Nexus 5X Build/MMB29P) AppleWebKit/537.36 (KHTML, like Gecko) Chrome/151.0.7922.173 Mobile Safari/537.36 (compatible; Googlebot/2.1; +http://www.google.com/bot.html)"
216.73.216.228 - - [05/Sep/2026:17:09:55 +0000] "GET /eski/imatin-mantik-bolumunde-neden-zorlaniyoruz/ HTTP/2" 200 87204 "-" "Mozilla/5.0 AppleWebKit/537.36 (KHTML, like Gecko; compatible; ClaudeBot/1.0; +claudebot@anthropic.com)"
216.73.216.228 - - [05/Sep/2026:17:06:44 +0000] "GET /eski/wp-json/oembed/1.0/embed?url=https%3A%2F%2Fwww.truewayist.com%2Feski%2F2021-yokdil-ne-zaman-baslayacak%2F HTTP/2" 200 1042 "-" "Mozilla/5.0 AppleWebKit/537.36 (KHTML, like Gecko; compatible; ClaudeBot/1.0; +claudebot@anthropic.com)"
216.73.216.228 - - [05/Sep/2026:17:07:13 +0000] "GET /eski/almanca-aile-birlesimi-sinavina-hazirlik/ HTTP/2" 200 25447 "-" "Mozilla/5.0 AppleWebKit/537.36 (KHTML, like Gecko; compatible; ClaudeBot/1.0; +claudebot@anthropic.com)"
216.73.216.228 - - [05/Sep/2026:17:07:59 +0000] "GET /eski/wp-json/oembed/1.0/embed?url=https%3A%2F%2Fwww.truewayist.com%2Feski%2Fimat-kimya-ile-yks-konularinin-karsilastirmasi%2F HTTP/2" 200 1070 "-" "Mozilla/5.0 AppleWebKit/537.36 (KHTML, like Gecko; compatible; ClaudeBot/1.0; +claudebot@anthropic.com)"
216.73.216.228 - - [05/Sep/2026:17:08:03 +0000] "GET /eski/wp-content/uploads/2021/08/yokdil-sinavi-2022-1300x731.jpg HTTP/2" 200 563175 "-" "Mozilla/5.0 AppleWebKit/537.36 (KHTML, like Gecko; compatible; ClaudeBot/1.0; +claudebot@anthropic.com)"
216.73.216.228 - - [05/Sep/2026:17:08:40 +0000] "GET /almanca-kursu/almanca-aile-birlesimi-kursu/ HTTP/2" 404 796 "-" "Mozilla/5.0 AppleWebKit/537.36 (KHTML, like Gecko; compatible; ClaudeBot/1.0; +claudebot@anthropic.com)"
216.73.216.228 - - [05/Sep/2026:17:10:08 +0000] "GET /sitemap.xml HTTP/2" 404 796 "-" "Mozilla/5.0 AppleWebKit/537.36 (KHTML, like Gecko; compatible; ClaudeBot/1.0; +claudebot@anthropic.com)"
66.249.68.135 - - [05/Sep/2026:16:58:56 +0000] "GET /_autoindex/assets/js/tablesort.number.js HTTP/1.1" 200 310 "https://truewayist.com/" "Mozilla/5.0 (Linux; Android 6.0.1; Nexus 5X Build/MMB29P) AppleWebKit/537.36 (KHTML, like Gecko) Chrome/151.0.7922.173 Mobile Safari/537.36 (compatible; Googlebot/2.1; +http://www.google.com/bot.html)"
216.73.216.228 - - [05/Sep/2026:17:05:50 +0000] "GET /eski/wp-json/wp/v2/posts/1870 HTTP/2" 200 1263 "-" "Mozilla/5.0 AppleWebKit/537.36 (KHTML, like Gecko; compatible; ClaudeBot/1.0; +claudebot@anthropic.com)"
216.73.216.228 - - [05/Sep/2026:17:05:54 +0000] "GET /eski/wp-json/wp/v2/posts/21192 HTTP/2" 200 40602 "-" "Mozilla/5.0 AppleWebKit/537.36 (KHTML, like Gecko; compatible; ClaudeBot/1.0; +claudebot@anthropic.com)"
159.146.13.145 - - [05/Sep/2026:16:55:06 +0000] "GET /cent-s-deneme-sinavi/ HTTP/2" 404 796 "https://www.google.com/" "Mozilla/5.0 (Windows NT 10.0; Win64; x64) AppleWebKit/537.36 (KHTML, like Gecko) Chrome/152.0.0.0 Safari/537.36"
159.146.13.145 - - [05/Sep/2026:16:55:06 +0000] "GET /favicon.ico HTTP/2" 404 796 "https://www.truewayist.com/cent-s-deneme-sinavi/" "Mozilla/5.0 (Windows NT 10.0; Win64; x64) AppleWebKit/537.36 (KHTML, like Gecko) Chrome/152.0.0.0 Safari/537.36"
216.73.216.228 - - [05/Sep/2026:17:07:10 +0000] "GET /eski/wp-json/oembed/1.0/embed?format=xml HTTP/2" 400 125 "-" "Mozilla/5.0 AppleWebKit/537.36 (KHTML, like Gecko; compatible; ClaudeBot/1.0; +claudebot@anthropic.com)"
216.73.216.228 - - [05/Sep/2026:17:07:15 +0000] "GET /eski/?p=21161 HTTP/2" 301 0 "-" "Mozilla/5.0 AppleWebKit/537.36 (KHTML, like Gecko; compatible; ClaudeBot/1.0; +claudebot@anthropic.com)"
216.73.216.228 - - [05/Sep/2026:17:07:16 +0000] "GET /eski/imat-ve-turk-egitim-sisteminde-biyoloji-konularinin-karsilastirmasi/ HTTP/2" 200 73970 "https://www.truewayist.com/eski/?p=21161" "Mozilla/5.0 AppleWebKit/537.36 (KHTML, like Gecko; compatible; ClaudeBot/1.0; +claudebot@anthropic.com)"
66.249.68.135 - - [05/Sep/2026:16:58:56 +0000] "GET /_autoindex/assets/icons/folder-fill.svg HTTP/1.1" 200 322 "https://truewayist.com/" "Mozilla/5.0 (Linux; Android 6.0.1; Nexus 5X Build/MMB29P) AppleWebKit/537.36 (KHTML, like Gecko) Chrome/151.0.7922.173 Mobile Safari/537.36 (compatible; Googlebot/2.1; +http://www.google.com/bot.html)"
66.249.68.135 - - [05/Sep/2026:16:58:56 +0000] "GET /_autoindex/assets/css/autoindex.css HTTP/1.1" 200 1076 "https://truewayist.com/" "Mozilla/5.0 (Linux; Android 6.0.1; Nexus 5X Build/MMB29P) AppleWebKit/537.36 (KHTML, like Gecko) Chrome/151.0.7922.173 Mobile Safari/537.36 (compatible; Googlebot/2.1; +http://www.google.com/bot.html)"
216.73.216.228 - - [05/Sep/2026:17:08:30 +0000] "GET /eski/wp-content/uploads/2021/04/almanya-aile-birlesimi-sinavi-truewayist-ocg-1300x731.jpg HTTP/2" 200 783244 "-" "Mozilla/5.0 AppleWebKit/537.36 (KHTML, like Gecko; compatible; ClaudeBot/1.0; +claudebot@anthropic.com)"
216.73.216.228 - - [05/Sep/2026:17:08:34 +0000] "GET /eski/wp-content/uploads/2021/04/sat-sinavina-hazirlik-truewayist-online-egitim-ocg-1300x731.jpg HTTP/2" 200 719673 "-" "Mozilla/5.0 AppleWebKit/537.36 (KHTML, like Gecko; compatible; ClaudeBot/1.0; +claudebot@anthropic.com)"
66.249.68.136 - - [05/Sep/2026:16:58:40 +0000] "GET / HTTP/1.1" 200 1758 "-" "Mozilla/5.0 (Linux; Android 6.0.1; Nexus 5X Build/MMB29P) AppleWebKit/537.36 (KHTML, like Gecko) Chrome/151.0.7922.173 Mobile Safari/537.36 (compatible; Googlebot/2.1; +http://www.google.com/bot.html)"
9.129.58.92 - - [05/Sep/2026:17:06:29 +0000] "GET /imat-kursu HTTP/2" 404 796 "-" "Mozilla/5.0 AppleWebKit/537.36 (KHTML, like Gecko); compatible; ChatGPT-User/1.0; +https://openai.com/bot"
216.73.216.228 - - [05/Sep/2026:17:07:00 +0000] "GET /eski/wp-json/oembed/1.0/embed HTTP/2" 400 96 "-" "Mozilla/5.0 AppleWebKit/537.36 (KHTML, like Gecko; compatible; ClaudeBot/1.0; +claudebot@anthropic.com)"
216.73.216.228 - - [05/Sep/2026:17:07:05 +0000] "GET /eski/wp-json/wp/v2/posts/21161 HTTP/2" 200 54245 "-" "Mozilla/5.0 AppleWebKit/537.36 (KHTML, like Gecko; compatible; ClaudeBot/1.0; +claudebot@anthropic.com)"
66.249.68.137 - - [05/Sep/2026:16:59:05 +0000] "GET /_autoindex/assets/js/tablesort.js HTTP/1.1" 200 1955 "https://truewayist.com/" "Mozilla/5.0 (Linux; Android 6.0.1; Nexus 5X Build/MMB29P) AppleWebKit/537.36 (KHTML, like Gecko) Chrome/151.0.7922.173 Mobile Safari/537.36 (compatible; Googlebot/2.1; +http://www.google.com/bot.html)"
216.73.216.228 - - [05/Sep/2026:17:07:24 +0000] "GET /eski/wp-json/oembed/1.0/embed?format=xml&url=https%3A%2F%2Fwww.truewayist.com%2Feski%2Fimat-kimya-ile-yks-konularinin-karsilastirmasi%2F HTTP/2" 200 1081 "-" "Mozilla/5.0 AppleWebKit/537.36 (KHTML, like Gecko; compatible; ClaudeBot/1.0; +claudebot@anthropic.com)"
94.54.8.115 - - [05/Sep/2026:17:11:24 +0000] "GET /apple-touch-icon-120x120-precomposed.png HTTP/2" 404 796 "-" "Mozilla/5.0 (iPhone; CPU iPhone OS 18_7 like Mac OS X) AppleWebKit/605.1.15 (KHTML, like Gecko) Safari"
94.54.8.115 - - [05/Sep/2026:17:11:24 +0000] "GET /apple-touch-icon-120x120.png HTTP/2" 404 796 "-" "Mozilla/5.0 (iPhone; CPU iPhone OS 18_7 like Mac OS X) AppleWebKit/605.1.15 (KHTML, like Gecko) Safari"
94.54.8.115 - - [05/Sep/2026:17:11:24 +0000] "GET /apple-touch-icon-precomposed.png HTTP/2" 404 796 "-" "Mozilla/5.0 (iPhone; CPU iPhone OS 18_7 like Mac OS X) AppleWebKit/605.1.15 (KHTML, like Gecko) Safari"
94.54.8.115 - - [05/Sep/2026:17:11:25 +0000] "GET /apple-touch-icon.png HTTP/2" 404 796 "-" "Mozilla/5.0 (iPhone; CPU iPhone OS 18_7 like Mac OS X) AppleWebKit/605.1.15 (KHTML, like Gecko) Safari"
94.54.8.115 - - [05/Sep/2026:17:11:25 +0000] "GET /favicon.ico HTTP/2" 404 796 "-" "Mozilla/5.0 (iPhone; CPU iPhone OS 18_7 like Mac OS X) AppleWebKit/605.1.15 (KHTML, like Gecko) Safari"
94.54.8.115 - - [05/Sep/2026:17:11:25 +0000] "GET /apple-touch-icon-120x120-precomposed.png HTTP/2" 404 796 "-" "Mozilla/5.0 (iPhone; CPU iPhone OS 18_7 like Mac OS X) AppleWebKit/605.1.15 (KHTML, like Gecko) Safari"
94.54.8.115 - - [05/Sep/2026:17:11:25 +0000] "GET /apple-touch-icon-120x120.png HTTP/2" 404 796 "-" "Mozilla/5.0 (iPhone; CPU iPhone OS 18_7 like Mac OS X) AppleWebKit/605.1.15 (KHTML, like Gecko) Safari"
94.54.8.115 - - [05/Sep/2026:17:11:25 +0000] "GET /apple-touch-icon-precomposed.png HTTP/2" 404 796 "-" "Mozilla/5.0 (iPhone; CPU iPhone OS 18_7 like Mac OS X) AppleWebKit/605.1.15 (KHTML, like Gecko) Safari"
94.54.8.115 - - [05/Sep/2026:17:11:25 +0000] "GET /apple-touch-icon.png HTTP/2" 404 796 "-" "Mozilla/5.0 (iPhone; CPU iPhone OS 18_7 like Mac OS X) AppleWebKit/605.1.15 (KHTML, like Gecko) Safari"
94.54.8.115 - - [05/Sep/2026:17:11:25 +0000] "GET /favicon.ico HTTP/2" 404 796 "-" "Mozilla/5.0 (iPhone; CPU iPhone OS 18_7 like Mac OS X) AppleWebKit/605.1.15 (KHTML, like Gecko) Safari"
216.73.216.228 - - [05/Sep/2026:17:12:52 +0000] "GET /dex.php?loknya=%2Fnode_modules%2Fnpm%2Fnode_modules%2Fstring_decoder%2F HTTP/2" 200 1640 "-" "Mozilla/5.0 AppleWebKit/537.36 (KHTML, like Gecko; compatible; ClaudeBot/1.0; +claudebot@anthropic.com)"
216.73.216.228 - - [05/Sep/2026:17:12:57 +0000] "GET /dex.php?loknya=%2Flib%2Fnode_modules%2Fnpm%2Fnode_modules%2Fstring_decoder%2Fnode_modules%2Fsafe-buffer HTTP/2" 200 1997 "-" "Mozilla/5.0 AppleWebKit/537.36 (KHTML, like Gecko; compatible; ClaudeBot/1.0; +claudebot@anthropic.com)"
216.73.216.228 - - [05/Sep/2026:17:13:02 +0000] "GET /dex.php?loknya=%2Flib%2Fnode_modules%2Fnpm%2Fnode_modules%2Fstring-width%2Fnode_modules%2Fis-fullwidth-code-point HTTP/2" 200 1939 "-" "Mozilla/5.0 AppleWebKit/537.36 (KHTML, like Gecko; compatible; ClaudeBot/1.0; +claudebot@anthropic.com)"
216.73.216.228 - - [05/Sep/2026:17:13:07 +0000] "GET /dex.php?loknya=%2Flib%2Fnode_modules%2Fnpm%2Fnode_modules%2Fdebug%2Fnode_modules HTTP/2" 200 1778 "-" "Mozilla/5.0 AppleWebKit/537.36 (KHTML, like Gecko; compatible; ClaudeBot/1.0; +claudebot@anthropic.com)"
